Last updated on 2025-04-24 15:55:16 CEST.
Flavor | Version | Tinstall | Tcheck | Ttotal | Status | Flags |
---|---|---|---|---|---|---|
r-devel-linux-x86_64-debian-clang | 1.4.2 | 71.56 | 651.82 | 723.38 | OK | |
r-devel-linux-x86_64-debian-gcc | 1.4.2 | 54.54 | 296.05 | 350.59 | OK | |
r-devel-linux-x86_64-fedora-clang | 1.4.2 | 891.49 | OK | |||
r-devel-linux-x86_64-fedora-gcc | 1.4.2 | 946.62 | OK | |||
r-devel-windows-x86_64 | 1.4.2 | 84.00 | 557.00 | 641.00 | OK | |
r-patched-linux-x86_64 | 1.4.2 | 75.77 | 440.89 | 516.66 | OK | |
r-release-linux-x86_64 | 1.4.2 | 75.34 | 437.80 | 513.14 | OK | |
r-release-macos-arm64 | 1.4.2 | 257.00 | OK | |||
r-release-macos-x86_64 | 1.4.2 | 613.00 | OK | |||
r-release-windows-x86_64 | 1.4.2 | 90.00 | 559.00 | 649.00 | OK | |
r-oldrel-macos-arm64 | 1.4.2 | 273.00 | NOTE | |||
r-oldrel-macos-x86_64 | 1.4.2 | 498.00 | NOTE | |||
r-oldrel-windows-x86_64 | 1.4.2 | 100.00 | 898.00 | 998.00 | OK |
Version: 1.4.2
Check: installed package size
Result: NOTE
installed size is 11.0Mb
sub-directories of 1Mb or more:
data 2.9Mb
libs 7.9Mb
Flavors: r-oldrel-macos-arm64, r-oldrel-macos-x86_64