Last updated on 2022-05-19 15:53:30 CEST.
Flavor | Version | Tinstall | Tcheck | Ttotal | Status | Flags |
---|---|---|---|---|---|---|
r-devel-linux-x86_64-debian-clang | 2.1.7 | 7.09 | 254.63 | 261.72 | OK | |
r-devel-linux-x86_64-debian-gcc | 2.1.7 | 4.53 | 184.30 | 188.83 | OK | |
r-devel-linux-x86_64-fedora-clang | 2.1.7 | 301.56 | OK | |||
r-devel-linux-x86_64-fedora-gcc | 2.1.7 | 314.70 | OK | |||
r-devel-windows-x86_64 | 2.1.7 | 21.00 | 286.00 | 307.00 | NOTE | |
r-patched-linux-x86_64 | 2.1.7 | 6.11 | 239.40 | 245.51 | OK | |
r-release-linux-x86_64 | 2.1.7 | 4.32 | 239.48 | 243.80 | OK | |
r-release-macos-arm64 | 2.1.7 | 64.00 | OK | |||
r-release-macos-x86_64 | 2.1.7 | 155.00 | OK | |||
r-release-windows-x86_64 | 2.1.7 | 22.00 | 286.00 | 308.00 | NOTE | |
r-oldrel-macos-arm64 | 2.1.7 | 87.00 | OK | |||
r-oldrel-macos-x86_64 | 2.1.7 | 116.00 | OK | |||
r-oldrel-windows-ix86+x86_64 | 2.1.7 | 18.00 | 447.00 | 465.00 | NOTE |
Version: 2.1.7
Check: package dependencies
Result: NOTE
Package which this enhances but not available for checking: 'doMC'
Flavors: r-devel-windows-x86_64, r-release-windows-x86_64, r-oldrel-windows-ix86+x86_64