CRAN Package Check Results for Package sdamr

Last updated on 2022-05-21 04:59:20 CEST.

Flavor Version Tinstall Tcheck Ttotal Status Flags
r-devel-linux-x86_64-debian-clang 0.1.0 4.52 56.79 61.31 OK
r-devel-linux-x86_64-debian-gcc 0.1.0 3.65 42.87 46.52 OK
r-devel-linux-x86_64-fedora-clang 0.1.0 74.94 NOTE
r-devel-linux-x86_64-fedora-gcc 0.1.0 70.97 NOTE
r-devel-windows-x86_64 0.1.0 16.00 72.00 88.00 OK
r-patched-linux-x86_64 0.1.0 3.84 52.41 56.25 OK
r-release-linux-x86_64 0.1.0 5.40 52.23 57.63 OK
r-release-macos-arm64 0.1.0 23.00 NOTE
r-release-macos-x86_64 0.1.0 39.00 NOTE
r-release-windows-x86_64 0.1.0 20.00 74.00 94.00 OK
r-oldrel-macos-arm64 0.1.0 26.00 NOTE
r-oldrel-macos-x86_64 0.1.0 31.00 NOTE
r-oldrel-windows-ix86+x86_64 0.1.0 14.00 65.00 79.00 OK

Check Details

Version: 0.1.0
Check: data for non-ASCII characters
Result: NOTE
     Note: found 1 marked UTF-8 string
Flavors: r-devel-linux-x86_64-fedora-clang, r-devel-linux-x86_64-fedora-gcc, r-release-macos-arm64, r-release-macos-x86_64, r-oldrel-macos-arm64, r-oldrel-macos-x86_64