CRAN Package Check Results for Package sdPrior

Last updated on 2022-05-21 04:59:20 CEST.

Flavor Version Tinstall Tcheck Ttotal Status Flags
r-devel-linux-x86_64-debian-clang 1.0-0 10.57 109.49 120.06 NOTE
r-devel-linux-x86_64-debian-gcc 1.0-0 8.79 81.35 90.14 NOTE
r-devel-linux-x86_64-fedora-clang 1.0-0 141.28 NOTE
r-devel-linux-x86_64-fedora-gcc 1.0-0 139.18 NOTE
r-devel-windows-x86_64 1.0-0 23.00 124.00 147.00 NOTE
r-patched-linux-x86_64 1.0-0 11.02 104.77 115.79 NOTE
r-release-linux-x86_64 1.0-0 10.36 101.01 111.37 NOTE
r-release-macos-arm64 1.0-0 36.00 NOTE
r-release-macos-x86_64 1.0-0 57.00 NOTE
r-release-windows-x86_64 1.0-0 24.00 122.00 146.00 NOTE
r-oldrel-macos-arm64 1.0-0 42.00 NOTE
r-oldrel-macos-x86_64 1.0-0 65.00 NOTE
r-oldrel-windows-ix86+x86_64 1.0-0 24.00 116.00 140.00 NOTE

Check Details

Version: 1.0-0
Check: LazyData
Result: NOTE
     'LazyData' is specified without a 'data' directory
Flavors: r-devel-linux-x86_64-debian-clang, r-devel-linux-x86_64-debian-gcc, r-devel-linux-x86_64-fedora-clang, r-devel-linux-x86_64-fedora-gcc, r-devel-windows-x86_64, r-patched-linux-x86_64, r-release-linux-x86_64, r-release-macos-arm64, r-release-macos-x86_64, r-release-windows-x86_64, r-oldrel-macos-arm64, r-oldrel-macos-x86_64, r-oldrel-windows-ix86+x86_64