Last updated on 2023-12-02 15:50:09 CET.
Flavor | Version | Tinstall | Tcheck | Ttotal | Status | Flags |
---|---|---|---|---|---|---|
r-devel-linux-x86_64-debian-clang | 1.2.0 | 51.11 | 132.69 | 183.80 | NOTE | |
r-devel-linux-x86_64-debian-gcc | 1.2.0 | 38.06 | 99.46 | 137.52 | NOTE | |
r-devel-linux-x86_64-fedora-clang | 1.2.0 | 254.26 | NOTE | |||
r-devel-linux-x86_64-fedora-gcc | 1.2.0 | 229.10 | NOTE | |||
r-devel-windows-x86_64 | 1.2.0 | 46.00 | 128.00 | 174.00 | NOTE | |
r-patched-linux-x86_64 | 1.2.0 | 34.71 | 126.24 | 160.95 | NOTE | |
r-release-linux-x86_64 | 1.2.0 | 36.78 | 124.84 | 161.62 | NOTE | |
r-release-macos-arm64 | 1.2.0 | 69.00 | NOTE | |||
r-release-macos-x86_64 | 1.2.0 | 147.00 | NOTE | |||
r-release-windows-x86_64 | 1.2.0 | 60.00 | 165.00 | 225.00 | NOTE | |
r-oldrel-macos-arm64 | 1.2.0 | 64.00 | NOTE | |||
r-oldrel-macos-x86_64 | 1.2.0 | 91.00 | NOTE | |||
r-oldrel-windows-x86_64 | 1.2.0 | 58.00 | 158.00 | 216.00 | NOTE |
Version: 1.2.0
Check: for GNU extensions in Makefiles
Result: NOTE
GNU make is a SystemRequirements.
Flavors: r-devel-linux-x86_64-debian-clang, r-devel-linux-x86_64-debian-gcc, r-devel-linux-x86_64-fedora-clang, r-devel-linux-x86_64-fedora-gcc, r-devel-windows-x86_64, r-patched-linux-x86_64, r-release-linux-x86_64, r-release-macos-arm64, r-release-macos-x86_64, r-release-windows-x86_64, r-oldrel-macos-arm64, r-oldrel-macos-x86_64, r-oldrel-windows-x86_64
Version: 1.2.0
Check: dependencies in R code
Result: NOTE
Namespace in Imports field not imported from: ‘Rcpp’
All declared Imports should be used.
Flavors: r-devel-linux-x86_64-fedora-clang, r-devel-linux-x86_64-fedora-gcc