Last updated on 2022-05-22 15:53:30 CEST.
Flavor | Version | Tinstall | Tcheck | Ttotal | Status | Flags |
---|---|---|---|---|---|---|
r-devel-linux-x86_64-debian-clang | 1.0.1 | 63.27 | 92.75 | 156.02 | OK | |
r-devel-linux-x86_64-debian-gcc | 1.0.1 | 53.00 | 68.27 | 121.27 | OK | |
r-devel-windows-x86_64 | 1.0.1 | 70.00 | 131.00 | 201.00 | OK | |
r-patched-linux-x86_64 | 1.0.1 | 56.64 | 84.10 | 140.74 | OK | |
r-release-linux-x86_64 | 1.0.1 | 53.80 | 85.34 | 139.14 | OK | |
r-release-macos-arm64 | 1.0.1 | 54.00 | NOTE | |||
r-release-macos-x86_64 | 1.0.1 | 114.00 | NOTE | |||
r-release-windows-x86_64 | 1.0.1 | 65.00 | 135.00 | 200.00 | OK | |
r-oldrel-macos-arm64 | 1.0.1 | 49.00 | NOTE | |||
r-oldrel-macos-x86_64 | 1.0.1 | 68.00 | NOTE | |||
r-oldrel-windows-ix86+x86_64 | 1.0.1 | 164.00 | 146.00 | 310.00 | OK |
Version: 1.0.1
Check: installed package size
Result: NOTE
installed size is 5.8Mb
sub-directories of 1Mb or more:
libs 5.0Mb
Flavors: r-release-macos-arm64, r-release-macos-x86_64, r-oldrel-macos-arm64, r-oldrel-macos-x86_64