Last updated on 2023-11-29 15:50:30 CET.
Flavor | Version | Tinstall | Tcheck | Ttotal | Status | Flags |
---|---|---|---|---|---|---|
r-devel-linux-x86_64-debian-clang | 1.0.4 | 67.49 | 77.14 | 144.63 | OK | |
r-devel-linux-x86_64-debian-gcc | 1.0.4 | 49.21 | 56.63 | 105.84 | OK | |
r-devel-windows-x86_64 | 1.0.4 | 59.00 | 104.00 | 163.00 | OK | |
r-patched-linux-x86_64 | 1.0.4 | 60.34 | 72.46 | 132.80 | OK | |
r-release-linux-x86_64 | 1.0.4 | 47.99 | 71.83 | 119.82 | OK | |
r-release-macos-arm64 | 1.0.4 | 52.00 | NOTE | |||
r-release-macos-x86_64 | 1.0.4 | 89.00 | NOTE | |||
r-release-windows-x86_64 | 1.0.4 | 75.00 | 127.00 | 202.00 | OK | |
r-oldrel-macos-arm64 | 1.0.4 | 51.00 | NOTE | |||
r-oldrel-macos-x86_64 | 1.0.4 | 75.00 | NOTE | |||
r-oldrel-windows-x86_64 | 1.0.4 | 70.00 | 123.00 | 193.00 | OK |
Version: 1.0.4
Check: installed package size
Result: NOTE
installed size is 5.6Mb
sub-directories of 1Mb or more:
libs 4.8Mb
Flavors: r-release-macos-arm64, r-release-macos-x86_64, r-oldrel-macos-arm64, r-oldrel-macos-x86_64