CRAN Package Check Results for Package scMappR

Last updated on 2022-07-02 15:52:29 CEST.

Flavor Version Tinstall Tcheck Ttotal Status Flags
r-devel-linux-x86_64-debian-clang 1.0.9 70.32 610.24 680.56 OK
r-devel-linux-x86_64-debian-gcc 1.0.9 51.12 453.77 504.89 OK
r-devel-linux-x86_64-fedora-clang 1.0.9 728.10 WARN
r-devel-linux-x86_64-fedora-gcc 1.0.9 854.32 WARN
r-devel-windows-x86_64 1.0.9 74.00 601.00 675.00 OK
r-patched-linux-x86_64 1.0.9 54.94 568.03 622.97 OK
r-release-linux-x86_64 1.0.9 47.59 563.66 611.25 OK
r-release-macos-arm64 1.0.9 199.00 OK
r-release-macos-x86_64 1.0.9 336.00 OK
r-release-windows-x86_64 1.0.9 100.00 606.00 706.00 OK
r-oldrel-macos-arm64 1.0.9 160.00 OK
r-oldrel-macos-x86_64 1.0.9 240.00 OK
r-oldrel-windows-ix86+x86_64 1.0.9 142.00 597.00 739.00 OK

Check Details

Version: 1.0.9
Check: package dependencies
Result: WARN
    Requires (indirectly) orphaned package: ‘gtools’
Flavors: r-devel-linux-x86_64-fedora-clang, r-devel-linux-x86_64-fedora-gcc