CRAN Package Check Results for Package scLink

Last updated on 2024-07-20 15:48:55 CEST.

Flavor Version Tinstall Tcheck Ttotal Status Flags
r-devel-linux-x86_64-debian-clang 1.0.1 3.09 49.48 52.57 NOTE
r-devel-linux-x86_64-debian-gcc 1.0.1 2.20 38.70 40.90 NOTE
r-devel-linux-x86_64-fedora-clang 1.0.1 68.83 NOTE
r-devel-linux-x86_64-fedora-gcc 1.0.1 78.74 NOTE
r-devel-windows-x86_64 1.0.1 4.00 68.00 72.00 NOTE
r-patched-linux-x86_64 1.0.1 2.82 49.07 51.89 NOTE
r-release-linux-x86_64 1.0.1 2.50 50.45 52.95 NOTE
r-release-macos-arm64 1.0.1 33.00 NOTE
r-release-macos-x86_64 1.0.1 53.00 NOTE
r-release-windows-x86_64 1.0.1 4.00 66.00 70.00 NOTE
r-oldrel-macos-arm64 1.0.1 38.00 NOTE
r-oldrel-macos-x86_64 1.0.1 51.00 NOTE
r-oldrel-windows-x86_64 1.0.1 4.00 69.00 73.00 NOTE

Check Details

Version: 1.0.1
Check: LazyData
Result: NOTE 'LazyData' is specified without a 'data' directory Flavors: r-devel-linux-x86_64-debian-clang, r-devel-linux-x86_64-debian-gcc, r-devel-linux-x86_64-fedora-clang, r-devel-linux-x86_64-fedora-gcc, r-devel-windows-x86_64, r-patched-linux-x86_64, r-release-linux-x86_64, r-release-macos-arm64, r-release-macos-x86_64, r-release-windows-x86_64, r-oldrel-macos-arm64, r-oldrel-macos-x86_64, r-oldrel-windows-x86_64