CRAN Package Check Results for Package scLink

Last updated on 2023-12-10 15:50:42 CET.

Flavor Version Tinstall Tcheck Ttotal Status Flags
r-devel-linux-x86_64-debian-clang 1.0.1 2.75 48.38 51.13 NOTE
r-devel-linux-x86_64-debian-gcc 1.0.1 2.18 37.51 39.69 NOTE
r-devel-linux-x86_64-fedora-clang 1.0.1 66.84 NOTE
r-devel-linux-x86_64-fedora-gcc 1.0.1 73.06 NOTE
r-devel-windows-x86_64 1.0.1 3.00 69.00 72.00 NOTE
r-patched-linux-x86_64 1.0.1 2.33 47.61 49.94 NOTE
r-release-linux-x86_64 1.0.1 3.06 48.66 51.72 NOTE
r-release-macos-arm64 1.0.1 38.00 NOTE
r-release-macos-x86_64 1.0.1 51.00 NOTE
r-release-windows-x86_64 1.0.1 4.00 68.00 72.00 NOTE
r-oldrel-macos-arm64 1.0.1 30.00 NOTE
r-oldrel-macos-x86_64 1.0.1 38.00 NOTE
r-oldrel-windows-x86_64 1.0.1 5.00 72.00 77.00 NOTE

Check Details

Version: 1.0.1
Check: LazyData
Result: NOTE 'LazyData' is specified without a 'data' directory Flavors: r-devel-linux-x86_64-debian-clang, r-devel-linux-x86_64-debian-gcc, r-devel-linux-x86_64-fedora-clang, r-devel-linux-x86_64-fedora-gcc, r-devel-windows-x86_64, r-patched-linux-x86_64, r-release-linux-x86_64, r-release-macos-arm64, r-release-macos-x86_64, r-release-windows-x86_64, r-oldrel-macos-arm64, r-oldrel-macos-x86_64, r-oldrel-windows-x86_64