Last updated on 2022-08-07 15:56:00 CEST.
Flavor | Version | Tinstall | Tcheck | Ttotal | Status | Flags |
---|---|---|---|---|---|---|
r-devel-linux-x86_64-debian-clang | 1.0.1 | 2.70 | 48.27 | 50.97 | NOTE | |
r-devel-linux-x86_64-debian-gcc | 1.0.1 | 2.04 | 37.74 | 39.78 | NOTE | |
r-devel-linux-x86_64-fedora-clang | 1.0.1 | 72.23 | NOTE | |||
r-devel-linux-x86_64-fedora-gcc | 1.0.1 | 72.50 | NOTE | |||
r-devel-windows-x86_64 | 1.0.1 | 14.00 | 83.00 | 97.00 | NOTE | |
r-patched-linux-x86_64 | 1.0.1 | 2.95 | 48.25 | 51.20 | NOTE | |
r-release-linux-x86_64 | 1.0.1 | 2.67 | 49.19 | 51.86 | NOTE | |
r-release-macos-arm64 | 1.0.1 | 26.00 | NOTE | |||
r-release-macos-x86_64 | 1.0.1 | 38.00 | NOTE | |||
r-release-windows-x86_64 | 1.0.1 | 11.00 | 81.00 | 92.00 | NOTE | |
r-oldrel-macos-arm64 | 1.0.1 | 31.00 | NOTE | |||
r-oldrel-macos-x86_64 | 1.0.1 | 52.00 | NOTE | |||
r-oldrel-windows-ix86+x86_64 | 1.0.1 | 7.00 | 70.00 | 77.00 | NOTE |
Version: 1.0.1
Check: LazyData
Result: NOTE
'LazyData' is specified without a 'data' directory
Flavors: r-devel-linux-x86_64-debian-clang, r-devel-linux-x86_64-debian-gcc, r-devel-linux-x86_64-fedora-clang, r-devel-linux-x86_64-fedora-gcc, r-devel-windows-x86_64, r-patched-linux-x86_64, r-release-linux-x86_64, r-release-macos-arm64, r-release-macos-x86_64, r-release-windows-x86_64, r-oldrel-macos-arm64, r-oldrel-macos-x86_64, r-oldrel-windows-ix86+x86_64