CRAN Package Check Results for Package scITD

Last updated on 2022-07-03 03:50:06 CEST.

Flavor Version Tinstall Tcheck Ttotal Status Flags
r-devel-linux-x86_64-debian-clang 1.0.2 72.38 284.58 356.96 NOTE
r-devel-linux-x86_64-debian-gcc 1.0.2 58.51 208.75 267.26 NOTE
r-devel-linux-x86_64-fedora-clang 1.0.2 453.13 NOTE
r-devel-linux-x86_64-fedora-gcc 1.0.2 438.59 NOTE
r-devel-windows-x86_64 1.0.2 83.00 309.00 392.00 OK
r-patched-linux-x86_64 1.0.2 70.77 272.78 343.55 NOTE
r-release-linux-x86_64 1.0.2 62.62 262.54 325.16 NOTE
r-release-macos-arm64 1.0.2 113.00 OK
r-release-macos-x86_64 1.0.2 192.00 OK
r-release-windows-x86_64 1.0.2 84.00 306.00 390.00 OK
r-oldrel-macos-arm64 1.0.2 81.00 OK
r-oldrel-macos-x86_64 1.0.2 137.00 OK
r-oldrel-windows-ix86+x86_64 1.0.2 167.00 415.00 582.00 OK

Check Details

Version: 1.0.2
Check: package dependencies
Result: NOTE
    Package suggested but not available for checking: 'ssvd'
Flavors: r-devel-linux-x86_64-debian-clang, r-devel-linux-x86_64-debian-gcc, r-patched-linux-x86_64, r-release-linux-x86_64

Version: 1.0.2
Check: package dependencies
Result: NOTE
    Packages suggested but not available for checking:
     'ssvd', 'conos', 'pagoda2'
Flavors: r-devel-linux-x86_64-fedora-clang, r-devel-linux-x86_64-fedora-gcc