Last updated on 2022-06-25 03:51:09 CEST.
Flavor | Version | Tinstall | Tcheck | Ttotal | Status | Flags |
---|---|---|---|---|---|---|
r-devel-linux-x86_64-debian-clang | 1.0.3 | 49.62 | 96.03 | 145.65 | OK | |
r-devel-linux-x86_64-debian-gcc | 1.0.3 | 36.18 | 75.05 | 111.23 | OK | |
r-devel-linux-x86_64-fedora-clang | 1.0.3 | 204.55 | OK | |||
r-devel-linux-x86_64-fedora-gcc | 1.0.3 | 196.73 | OK | |||
r-devel-windows-x86_64 | 1.0.3 | 45.00 | 137.00 | 182.00 | OK | |
r-patched-linux-x86_64 | 1.0.3 | 45.54 | 97.24 | 142.78 | OK | |
r-release-linux-x86_64 | 1.0.3 | 35.51 | 93.42 | 128.93 | OK | |
r-release-macos-arm64 | 1.0.3 | 48.00 | OK | |||
r-release-macos-x86_64 | 1.0.3 | 101.00 | OK | |||
r-release-windows-x86_64 | 1.0.3 | 51.00 | 139.00 | 190.00 | OK | |
r-oldrel-macos-arm64 | 1.0.3 | 54.00 | NOTE | |||
r-oldrel-macos-x86_64 | 1.0.3 | 69.00 | OK | |||
r-oldrel-windows-ix86+x86_64 | 1.0.3 | 113.00 | 178.00 | 291.00 | OK |
Version: 1.0.3
Check: installed package size
Result: NOTE
installed size is 5.8Mb
sub-directories of 1Mb or more:
data 2.0Mb
libs 3.6Mb
Flavor: r-oldrel-macos-arm64