CRAN Package Check Results for Package sasMap

Last updated on 2022-10-03 15:54:10 CEST.

Flavor Version Tinstall Tcheck Ttotal Status Flags
r-devel-linux-x86_64-debian-clang 1.0.0 4.28 42.91 47.19 OK
r-devel-linux-x86_64-debian-gcc 1.0.0 3.89 32.52 36.41 OK
r-devel-linux-x86_64-fedora-clang 1.0.0 70.89 NOTE
r-devel-linux-x86_64-fedora-gcc 1.0.0 67.77 NOTE
r-devel-windows-x86_64 1.0.0 16.00 71.00 87.00 OK
r-patched-linux-x86_64 1.0.0 3.06 40.70 43.76 OK
r-release-linux-x86_64 1.0.0 3.25 39.92 43.17 OK
r-release-macos-arm64 1.0.0 20.00 NOTE
r-release-macos-x86_64 1.0.0 43.00 NOTE
r-release-windows-x86_64 1.0.0 22.00 65.00 87.00 OK
r-oldrel-macos-arm64 1.0.0 27.00 NOTE
r-oldrel-macos-x86_64 1.0.0 29.00 NOTE
r-oldrel-windows-ix86+x86_64 1.0.0 12.00 68.00 80.00 OK

Check Details

Version: 1.0.0
Check: dependencies in R code
Result: NOTE
    Namespace in Imports field not imported from: ‘stringi’
     All declared Imports should be used.
Flavors: r-devel-linux-x86_64-fedora-clang, r-devel-linux-x86_64-fedora-gcc, r-release-macos-arm64, r-release-macos-x86_64, r-oldrel-macos-arm64, r-oldrel-macos-x86_64