Last updated on 2022-05-25 04:55:36 CEST.
Flavor | Version | Tinstall | Tcheck | Ttotal | Status | Flags |
---|---|---|---|---|---|---|
r-devel-linux-x86_64-debian-clang | 0.1.3 | 11.37 | 234.71 | 246.08 | OK | |
r-devel-linux-x86_64-debian-gcc | 0.1.3 | 9.81 | 173.60 | 183.41 | OK | |
r-devel-linux-x86_64-fedora-clang | 0.1.3 | 284.55 | NOTE | |||
r-devel-linux-x86_64-fedora-gcc | 0.1.3 | 271.52 | NOTE | |||
r-devel-windows-x86_64 | 0.1.3 | 121.00 | 280.00 | 401.00 | OK | |
r-patched-linux-x86_64 | 0.1.3 | 15.72 | 221.77 | 237.49 | OK | |
r-release-linux-x86_64 | 0.1.3 | OK | ||||
r-release-macos-arm64 | 0.1.3 | 72.00 | NOTE | |||
r-release-macos-x86_64 | 0.1.3 | 146.00 | NOTE | |||
r-release-windows-x86_64 | 0.1.3 | 106.00 | 270.00 | 376.00 | OK | |
r-oldrel-macos-arm64 | 0.1.3 | 134.00 | NOTE | |||
r-oldrel-macos-x86_64 | 0.1.3 | 111.00 | NOTE | |||
r-oldrel-windows-ix86+x86_64 | 0.1.3 | 26.00 | 277.00 | 303.00 | OK |
Version: 0.1.3
Check: data for non-ASCII characters
Result: NOTE
Note: found 4 marked UTF-8 strings
Flavors: r-devel-linux-x86_64-fedora-clang, r-devel-linux-x86_64-fedora-gcc, r-release-macos-arm64, r-release-macos-x86_64, r-oldrel-macos-arm64, r-oldrel-macos-x86_64