CRAN Package Check Results for Package santaR

Last updated on 2022-07-04 03:52:29 CEST.

Flavor Version Tinstall Tcheck Ttotal Status Flags
r-devel-linux-x86_64-debian-clang 1.2.3 6.43 202.72 209.15 OK
r-devel-linux-x86_64-debian-gcc 1.2.3 6.37 147.17 153.54 OK
r-devel-linux-x86_64-fedora-clang 1.2.3 242.33 NOTE
r-devel-linux-x86_64-fedora-gcc 1.2.3 242.82 NOTE
r-devel-windows-x86_64 1.2.3 45.00 222.00 267.00 OK
r-patched-linux-x86_64 1.2.3 5.50 187.13 192.63 OK
r-release-linux-x86_64 1.2.3 8.06 189.39 197.45 OK
r-release-macos-arm64 1.2.3 94.00 NOTE
r-release-macos-x86_64 1.2.3 108.00 NOTE
r-release-windows-x86_64 1.2.3 13.00 235.00 248.00 OK
r-oldrel-macos-arm64 1.2.3 90.00 NOTE
r-oldrel-macos-x86_64 1.2.3 114.00 NOTE
r-oldrel-windows-ix86+x86_64 1.2.3 18.00 232.00 250.00 OK

Check Details

Version: 1.2.3
Check: dependencies in R code
Result: NOTE
    Namespaces in Imports field not imported from:
     ‘DT’ ‘gridExtra’
     All declared Imports should be used.
Flavors: r-devel-linux-x86_64-fedora-clang, r-devel-linux-x86_64-fedora-gcc, r-release-macos-arm64, r-release-macos-x86_64, r-oldrel-macos-arm64, r-oldrel-macos-x86_64