CRAN Package Check Results for Package sandwich

Last updated on 2022-01-26 15:53:03 CET.

Flavor Version Tinstall Tcheck Ttotal Status Flags
r-devel-linux-x86_64-debian-clang 3.0-1 5.47 253.11 258.58 OK
r-devel-linux-x86_64-debian-gcc 3.0-1 4.51 201.13 205.64 OK
r-devel-linux-x86_64-fedora-clang 3.0-1 324.30 OK
r-devel-linux-x86_64-fedora-gcc 3.0-1 316.23 OK
r-devel-windows-x86_64-new-UL 3.0-1 76.00 332.00 408.00 OK
r-devel-windows-x86_64-new-TK 3.0-1 WARN
r-patched-linux-x86_64 3.0-1 5.41 252.00 257.41 OK
r-release-linux-x86_64 3.0-1 4.77 251.85 256.62 OK
r-release-macos-arm64 3.0-1 OK
r-release-macos-x86_64 3.0-1 WARN
r-release-windows-ix86+x86_64 3.0-1 11.00 296.00 307.00 OK
r-oldrel-macos-x86_64 3.0-1 OK
r-oldrel-windows-ix86+x86_64 3.0-1 10.00 296.00 306.00 OK

Check Details

Version: 3.0-1
Check: package dependencies
Result: NOTE
    Packages suggested but not available for checking: 'AER', 'car'
Flavor: r-devel-windows-x86_64-new-TK

Version: 3.0-1
Check: Rd cross-references
Result: NOTE
    Package unavailable to check Rd xrefs: 'car'
Flavor: r-devel-windows-x86_64-new-TK

Version: 3.0-1
Check: running R code from vignettes
Result: WARN
    Errors in running code in vignettes:
    when running code in 'sandwich-OOP.Rnw'
    
    > library("AER")
    
     When sourcing 'sandwich-OOP.R':
    Error: there is no package called 'AER'
    Execution halted
    
     'sandwich-CL.Rnw'... OK
     'sandwich-OOP.Rnw'... failed
     'sandwich.Rnw'... OK
Flavor: r-devel-windows-x86_64-new-TK

Version: 3.0-1
Check: re-building of vignette outputs
Result: NOTE
    Error(s) in re-building vignettes:
    --- re-building 'sandwich-CL.Rnw' using Sweave
    Loading required package: zoo
    
    Attaching package: 'zoo'
    
    The following objects are masked from 'package:base':
    
     as.Date, as.Date.numeric
    
    
    Attaching package: 'pcse'
    
    The following object is masked from 'package:sandwich':
    
     vcovPC
    
    Classes and Methods for R developed in the
    Political Science Computational Laboratory
    Department of Political Science
    Stanford University
    Simon Jackman
    hurdle and zeroinfl functions by Achim Zeileis
    Warning in packageDescription("lme4") : no package 'lme4' was found
    Error: processing vignette 'sandwich-CL.Rnw' failed with diagnostics:
    at sandwich-CL.Rnw:1512, $ operator is invalid for atomic vectors
    --- failed re-building 'sandwich-CL.Rnw'
    
    --- re-building 'sandwich-OOP.Rnw' using Sweave
    
    Error: processing vignette 'sandwich-OOP.Rnw' failed with diagnostics:
     chunk 1 (label = preliminaries)
    Error in library("AER") : there is no package called 'AER'
    
    --- failed re-building 'sandwich-OOP.Rnw'
    
    --- re-building 'sandwich.Rnw' using Sweave
    --- finished re-building 'sandwich.Rnw'
    
    SUMMARY: processing the following files failed:
     'sandwich-CL.Rnw' 'sandwich-OOP.Rnw'
    
    Error: Vignette re-building failed.
    Execution halted
Flavor: r-devel-windows-x86_64-new-TK

Version: 3.0-1
Check: running R code from vignettes
Result: WARN
    Errors in running code in vignettes:
    when running code in ‘sandwich-OOP.Rnw’
     ...
    
    > library("AER")
    Loading required package: car
    Loading required package: carData
    Error: package or namespace load failed for ‘car’ in loadNamespace(i, c(lib.loc, .libPaths()), versionCheck = vI[[i]]):
     there is no package called ‘stringi’
    
     When sourcing ‘sandwich-OOP.R’:
    Error: package ‘car’ could not be loaded
    Execution halted
    
     ‘sandwich-CL.Rnw’... [9s/13s] OK
     ‘sandwich-OOP.Rnw’... failed
     ‘sandwich.Rnw’... [1s/1s] OK
Flavor: r-release-macos-x86_64

Version: 3.0-1
Check: re-building of vignette outputs
Result: NOTE
    Error(s) in re-building vignettes:
    --- re-building ‘sandwich-CL.Rnw’ using Sweave
    Loading required package: zoo
    
    Attaching package: ‘zoo’
    
    The following objects are masked from ‘package:base’:
    
     as.Date, as.Date.numeric
    
    
    Attaching package: ‘pcse’
    
    The following object is masked from ‘package:sandwich’:
    
     vcovPC
    
    Classes and Methods for R developed in the
    Political Science Computational Laboratory
    Department of Political Science
    Stanford University
    Simon Jackman
    hurdle and zeroinfl functions by Achim Zeileis
    --- finished re-building ‘sandwich-CL.Rnw’
    
    --- re-building ‘sandwich-OOP.Rnw’ using Sweave
    Loading required package: car
    Loading required package: carData
    Error: package or namespace load failed for ‘car’ in loadNamespace(i, c(lib.loc, .libPaths()), versionCheck = vI[[i]]):
     there is no package called ‘stringi’
    
    Error: processing vignette 'sandwich-OOP.Rnw' failed with diagnostics:
     chunk 1 (label = preliminaries)
    Error : package ‘car’ could not be loaded
    
    --- failed re-building ‘sandwich-OOP.Rnw’
    
    --- re-building ‘sandwich.Rnw’ using Sweave
    
    Attaching package: ‘zoo’
    
    The following objects are masked from ‘package:base’:
    
     as.Date, as.Date.numeric
    
    --- finished re-building ‘sandwich.Rnw’
    
    SUMMARY: processing the following file failed:
     ‘sandwich-OOP.Rnw’
    
    Error: Vignette re-building failed.
    Execution halted
Flavor: r-release-macos-x86_64