CRAN Package Check Results for Package sambia

Last updated on 2022-05-27 04:56:48 CEST.

Flavor Version Tinstall Tcheck Ttotal Status Flags
r-devel-linux-x86_64-debian-clang 0.1.0 11.13 116.31 127.44 NOTE
r-devel-linux-x86_64-debian-gcc 0.1.0 9.03 86.32 95.35 NOTE
r-devel-linux-x86_64-fedora-clang 0.1.0 160.99 NOTE
r-devel-linux-x86_64-fedora-gcc 0.1.0 154.06 NOTE
r-devel-windows-x86_64 0.1.0 17.00 129.00 146.00 NOTE
r-patched-linux-x86_64 0.1.0 11.02 107.93 118.95 NOTE
r-release-linux-x86_64 0.1.0 10.49 108.88 119.37 NOTE
r-release-macos-arm64 0.1.0 38.00 NOTE
r-release-macos-x86_64 0.1.0 73.00 NOTE
r-release-windows-x86_64 0.1.0 15.00 128.00 143.00 NOTE
r-oldrel-macos-arm64 0.1.0 46.00 NOTE
r-oldrel-macos-x86_64 0.1.0 63.00 NOTE
r-oldrel-windows-ix86+x86_64 0.1.0 25.00 125.00 150.00 NOTE

Check Details

Version: 0.1.0
Check: LazyData
Result: NOTE
     'LazyData' is specified without a 'data' directory
Flavors: r-devel-linux-x86_64-debian-clang, r-devel-linux-x86_64-debian-gcc, r-devel-linux-x86_64-fedora-clang, r-devel-linux-x86_64-fedora-gcc, r-devel-windows-x86_64, r-patched-linux-x86_64, r-release-linux-x86_64, r-release-macos-arm64, r-release-macos-x86_64, r-release-windows-x86_64, r-oldrel-macos-arm64, r-oldrel-macos-x86_64, r-oldrel-windows-ix86+x86_64