CRAN Package Check Results for Package saeRobust

Last updated on 2022-05-20 15:52:18 CEST.

Flavor Version Tinstall Tcheck Ttotal Status Flags
r-devel-linux-x86_64-debian-clang 0.2.0 48.61 245.43 294.04 NOTE
r-devel-linux-x86_64-debian-gcc 0.2.0 40.94 184.55 225.49 NOTE
r-devel-linux-x86_64-fedora-clang 0.2.0 372.21 NOTE
r-devel-linux-x86_64-fedora-gcc 0.2.0 349.87 NOTE
r-devel-windows-x86_64 0.2.0 81.00 276.00 357.00 NOTE
r-patched-linux-x86_64 0.2.0 43.16 248.39 291.55 NOTE
r-release-linux-x86_64 0.2.0 41.92 246.06 287.98 NOTE
r-release-macos-arm64 0.2.0 122.00 NOTE
r-release-macos-x86_64 0.2.0 168.00 NOTE
r-release-windows-x86_64 0.2.0 90.00 427.00 517.00 NOTE
r-oldrel-macos-arm64 0.2.0 127.00 NOTE
r-oldrel-macos-x86_64 0.2.0 136.00 NOTE
r-oldrel-windows-ix86+x86_64 0.2.0 132.00 581.00 713.00 NOTE

Check Details

Version: 0.2.0
Check: LazyData
Result: NOTE
     'LazyData' is specified without a 'data' directory
Flavors: r-devel-linux-x86_64-debian-clang, r-devel-linux-x86_64-debian-gcc, r-devel-linux-x86_64-fedora-clang, r-devel-linux-x86_64-fedora-gcc, r-devel-windows-x86_64, r-patched-linux-x86_64, r-release-linux-x86_64, r-release-macos-arm64, r-release-macos-x86_64, r-release-windows-x86_64, r-oldrel-macos-arm64, r-oldrel-macos-x86_64, r-oldrel-windows-ix86+x86_64