CRAN Package Check Results for Package sRDA

Last updated on 2024-04-14 15:50:29 CEST.

Flavor Version Tinstall Tcheck Ttotal Status Flags
r-devel-linux-x86_64-debian-clang 1.0.0 5.28 69.94 75.22 NOTE
r-devel-linux-x86_64-debian-gcc 1.0.0 6.56 51.86 58.42 NOTE
r-devel-linux-x86_64-fedora-clang 1.0.0 94.20 NOTE
r-devel-linux-x86_64-fedora-gcc 1.0.0 90.73 NOTE
r-devel-windows-x86_64 1.0.0 7.00 71.00 78.00 NOTE
r-patched-linux-x86_64 1.0.0 6.01 65.04 71.05 NOTE
r-release-linux-x86_64 1.0.0 7.15 68.45 75.60 NOTE
r-release-macos-arm64 1.0.0 34.00 NOTE
r-release-macos-x86_64 1.0.0 53.00 NOTE
r-release-windows-x86_64 1.0.0 10.00 77.00 87.00 NOTE
r-oldrel-macos-arm64 1.0.0 31.00 NOTE
r-oldrel-windows-x86_64 1.0.0 10.00 86.00 96.00 NOTE

Check Details

Version: 1.0.0
Check: LazyData
Result: NOTE 'LazyData' is specified without a 'data' directory Flavors: r-devel-linux-x86_64-debian-clang, r-devel-linux-x86_64-debian-gcc, r-devel-linux-x86_64-fedora-clang, r-devel-linux-x86_64-fedora-gcc, r-devel-windows-x86_64, r-patched-linux-x86_64, r-release-linux-x86_64, r-release-macos-arm64, r-release-macos-x86_64, r-release-windows-x86_64, r-oldrel-macos-arm64, r-oldrel-windows-x86_64