CRAN Package Check Results for Package s4vd

Last updated on 2025-01-24 15:50:58 CET.

Flavor Version Tinstall Tcheck Ttotal Status Flags
r-devel-linux-x86_64-debian-clang 1.1-1 11.59 86.97 98.56 NOTE
r-devel-linux-x86_64-debian-gcc 1.1-1 9.24 61.63 70.87 NOTE
r-devel-linux-x86_64-fedora-clang 1.1-1 155.11 OK
r-devel-linux-x86_64-fedora-gcc 1.1-1 147.06 OK
r-devel-windows-x86_64 1.1-1 13.00 90.00 103.00 NOTE
r-patched-linux-x86_64 1.1-1 16.22 79.40 95.62 OK
r-release-linux-x86_64 1.1-1 11.70 79.64 91.34 OK
r-release-macos-arm64 1.1-1 44.00 OK
r-release-macos-x86_64 1.1-1 82.00 OK
r-release-windows-x86_64 1.1-1 11.00 89.00 100.00 OK
r-oldrel-macos-arm64 1.1-1 45.00 OK
r-oldrel-macos-x86_64 1.1-1 84.00 OK
r-oldrel-windows-x86_64 1.1-1 15.00 106.00 121.00 OK

Check Details

Version: 1.1-1
Check: Rd cross-references
Result: NOTE Found the following Rd file(s) with Rd \link{} targets missing package anchors: BCs4vd.Rd: biclust, Biclust BCssvd.Rd: biclust, Biclust Please provide package anchors for all Rd \link{} targets not in the package itself and the base packages. Flavors: r-devel-linux-x86_64-debian-clang, r-devel-linux-x86_64-debian-gcc, r-devel-windows-x86_64