Last updated on 2025-01-25 03:50:06 CET.
Flavor | Version | Tinstall | Tcheck | Ttotal | Status | Flags |
---|---|---|---|---|---|---|
r-devel-linux-x86_64-debian-clang | 3.0.3 | 465.91 | 284.88 | 750.79 | NOTE | |
r-devel-linux-x86_64-debian-gcc | 3.0.3 | 304.26 | 198.28 | 502.54 | NOTE | |
r-devel-linux-x86_64-fedora-clang | 3.0.3 | 1226.97 | NOTE | |||
r-devel-linux-x86_64-fedora-gcc | 3.0.3 | 1382.14 | NOTE | |||
r-devel-windows-x86_64 | 3.0.3 | 406.00 | 419.00 | 825.00 | OK | |
r-patched-linux-x86_64 | 3.0.3 | 434.55 | 274.71 | 709.26 | OK | |
r-release-linux-x86_64 | 3.0.3 | 424.96 | 277.71 | 702.67 | OK | |
r-release-macos-arm64 | 3.0.3 | 730.00 | NOTE | |||
r-release-macos-x86_64 | 3.0.3 | 424.00 | NOTE | |||
r-release-windows-x86_64 | 3.0.3 | 397.00 | 414.00 | 811.00 | NOTE | |
r-oldrel-macos-arm64 | 3.0.3 | 818.00 | NOTE | |||
r-oldrel-macos-x86_64 | 3.0.3 | 477.00 | NOTE | |||
r-oldrel-windows-x86_64 | 3.0.3 | 475.00 | 527.00 | 1002.00 | NOTE |
Version: 3.0.3
Check: DESCRIPTION meta-information
Result: NOTE
Missing dependency on R >= 4.1.0 because package code uses the pipe
|> or function shorthand \(...) syntax added in R 4.1.0.
File(s) using such syntax:
‘CTS.R’
Flavors: r-devel-linux-x86_64-debian-clang, r-devel-linux-x86_64-debian-gcc, r-devel-linux-x86_64-fedora-clang, r-devel-linux-x86_64-fedora-gcc
Version: 3.0.3
Check: installed package size
Result: NOTE
installed size is 10.8Mb
sub-directories of 1Mb or more:
R 2.0Mb
include 1.1Mb
libs 5.8Mb
Flavors: r-release-macos-arm64, r-release-macos-x86_64, r-release-windows-x86_64, r-oldrel-macos-arm64, r-oldrel-macos-x86_64, r-oldrel-windows-x86_64