Last updated on 2022-05-20 15:52:18 CEST.
Flavor | Version | Tinstall | Tcheck | Ttotal | Status | Flags |
---|---|---|---|---|---|---|
r-devel-linux-x86_64-debian-clang | 0.0.3 | 6.44 | 61.19 | 67.63 | NOTE | |
r-devel-linux-x86_64-debian-gcc | 0.0.3 | 4.81 | 46.20 | 51.01 | NOTE | |
r-devel-linux-x86_64-fedora-clang | 0.0.3 | 82.73 | NOTE | |||
r-devel-linux-x86_64-fedora-gcc | 0.0.3 | 76.32 | NOTE | |||
r-devel-windows-x86_64 | 0.0.3 | 11.00 | 71.00 | 82.00 | NOTE | |
r-patched-linux-x86_64 | 0.0.3 | 4.77 | 58.96 | 63.73 | NOTE | |
r-release-linux-x86_64 | 0.0.3 | 3.53 | 56.50 | 60.03 | NOTE | |
r-release-macos-arm64 | 0.0.3 | 25.00 | NOTE | |||
r-release-macos-x86_64 | 0.0.3 | 41.00 | NOTE | |||
r-release-windows-x86_64 | 0.0.3 | 11.00 | 76.00 | 87.00 | NOTE | |
r-oldrel-macos-arm64 | 0.0.3 | 25.00 | NOTE | |||
r-oldrel-macos-x86_64 | 0.0.3 | 39.00 | NOTE | |||
r-oldrel-windows-ix86+x86_64 | 0.0.3 | 16.00 | 70.00 | 86.00 | NOTE |
Version: 0.0.3
Check: LazyData
Result: NOTE
'LazyData' is specified without a 'data' directory
Flavors: r-devel-linux-x86_64-debian-clang, r-devel-linux-x86_64-debian-gcc, r-devel-linux-x86_64-fedora-clang, r-devel-linux-x86_64-fedora-gcc, r-devel-windows-x86_64, r-patched-linux-x86_64, r-release-linux-x86_64, r-release-macos-arm64, r-release-macos-x86_64, r-release-windows-x86_64, r-oldrel-macos-arm64, r-oldrel-macos-x86_64, r-oldrel-windows-ix86+x86_64