CRAN Package Check Results for Package rvec

Last updated on 2024-06-25 05:01:05 CEST.

Flavor Version Tinstall Tcheck Ttotal Status Flags
r-devel-linux-x86_64-debian-clang 0.0.6 7.89 102.84 110.73 OK
r-devel-linux-x86_64-debian-gcc 0.0.6 7.08 72.36 79.44 OK
r-devel-linux-x86_64-fedora-clang 0.0.6 135.67 OK
r-devel-linux-x86_64-fedora-gcc 0.0.6 141.67 OK
r-devel-windows-x86_64 0.0.6 11.00 98.00 109.00 OK
r-patched-linux-x86_64 0.0.6 12.32 97.45 109.77 OK
r-release-linux-x86_64 0.0.6 7.33 94.89 102.22 OK
r-release-macos-arm64 0.0.6 37.00 OK
r-release-macos-x86_64 0.0.6 69.00 OK
r-release-windows-x86_64 0.0.6 10.00 98.00 108.00 OK
r-oldrel-macos-arm64 0.0.6 46.00 WARN
r-oldrel-macos-x86_64 0.0.6 100.00 WARN
r-oldrel-windows-x86_64 0.0.6 12.00 117.00 129.00 OK

Check Details

Version: 0.0.6
Check: S3 generic/method consistency
Result: WARN matrixOps: function(e1, e2) matrixOps.rvec: function(x, y) See section ‘Generic functions and methods’ in the ‘Writing R Extensions’ manual. Flavors: r-oldrel-macos-arm64, r-oldrel-macos-x86_64