Last updated on 2022-06-25 15:51:32 CEST.
Flavor | Version | Tinstall | Tcheck | Ttotal | Status | Flags |
---|---|---|---|---|---|---|
r-devel-linux-x86_64-debian-clang | 0.4.1 | 69.36 | 43.07 | 112.43 | WARN | |
r-devel-linux-x86_64-debian-gcc | 0.4.1 | 56.54 | 32.97 | 89.51 | OK | |
r-devel-linux-x86_64-fedora-clang | 0.4.1 | 173.69 | WARN | |||
r-devel-linux-x86_64-fedora-gcc | 0.4.1 | 155.66 | OK | |||
r-devel-windows-x86_64 | 0.4.1 | 70.00 | 107.00 | 177.00 | OK | |
r-patched-linux-x86_64 | 0.4.1 | 55.08 | 41.43 | 96.51 | OK | |
r-release-linux-x86_64 | 0.4.1 | 57.25 | 41.72 | 98.97 | OK | |
r-release-macos-arm64 | 0.4.1 | 42.00 | OK | |||
r-release-macos-x86_64 | 0.4.1 | 63.00 | OK | |||
r-release-windows-x86_64 | 0.4.1 | 67.00 | 107.00 | 174.00 | OK | |
r-oldrel-macos-arm64 | 0.4.1 | 53.00 | OK | |||
r-oldrel-macos-x86_64 | 0.4.1 | 60.00 | OK | |||
r-oldrel-windows-ix86+x86_64 | 0.4.1 | 157.00 | 106.00 | 263.00 | OK |
Version: 0.4.1
Check: whether package can be installed
Result: WARN
Found the following significant warnings:
lag_run.cpp:31:7: warning: use of bitwise '&' with boolean operands [-Wbitwise-instead-of-logical]
lag_run.cpp:42:14: warning: use of bitwise '&' with boolean operands [-Wbitwise-instead-of-logical]
lag_run.cpp:53:14: warning: use of bitwise '&' with boolean operands [-Wbitwise-instead-of-logical]
lag_run.cpp:64:14: warning: use of bitwise '&' with boolean operands [-Wbitwise-instead-of-logical]
./vector_funs.h:167:15: warning: use of bitwise '&' with boolean operands [-Wbitwise-instead-of-logical]
./vector_funs.h:178:15: warning: use of bitwise '&' with boolean operands [-Wbitwise-instead-of-logical]
./vector_funs.h:193:15: warning: use of bitwise '&' with boolean operands [-Wbitwise-instead-of-logical]
./vector_funs.h:206:15: warning: use of bitwise '&' with boolean operands [-Wbitwise-instead-of-logical]
./vector_funs.h:351:15: warning: use of bitwise '&' with boolean operands [-Wbitwise-instead-of-logical]
./vector_funs.h:364:15: warning: use of bitwise '&' with boolean operands [-Wbitwise-instead-of-logical]
./vector_funs.h:382:15: warning: use of bitwise '&' with boolean operands [-Wbitwise-instead-of-logical]
./vector_funs.h:397:15: warning: use of bitwise '&' with boolean operands [-Wbitwise-instead-of-logical]
Flavors: r-devel-linux-x86_64-debian-clang, r-devel-linux-x86_64-fedora-clang