CRAN Package Check Results for Package ruin

Last updated on 2024-06-22 03:49:41 CEST.

Flavor Version Tinstall Tcheck Ttotal Status Flags
r-devel-linux-x86_64-debian-clang 0.1.1 4.47 73.11 77.58 NOTE
r-devel-linux-x86_64-debian-gcc 0.1.1 3.29 52.23 55.52 NOTE
r-devel-linux-x86_64-fedora-clang 0.1.1 93.16 NOTE
r-devel-linux-x86_64-fedora-gcc 0.1.1 105.19 NOTE
r-devel-windows-x86_64 0.1.1 5.00 72.00 77.00 NOTE
r-patched-linux-x86_64 0.1.1 10.61 69.36 79.97 NOTE
r-release-linux-x86_64 0.1.1 4.71 67.62 72.33 NOTE
r-release-macos-arm64 0.1.1 33.00 NOTE
r-release-macos-x86_64 0.1.1 53.00 NOTE
r-release-windows-x86_64 0.1.1 5.00 71.00 76.00 NOTE
r-oldrel-macos-arm64 0.1.1 34.00 NOTE
r-oldrel-macos-x86_64 0.1.1 55.00 NOTE
r-oldrel-windows-x86_64 0.1.1 6.00 85.00 91.00 NOTE

Check Details

Version: 0.1.1
Check: LazyData
Result: NOTE 'LazyData' is specified without a 'data' directory Flavors: r-devel-linux-x86_64-debian-clang, r-devel-linux-x86_64-debian-gcc, r-devel-linux-x86_64-fedora-clang, r-devel-linux-x86_64-fedora-gcc, r-devel-windows-x86_64, r-patched-linux-x86_64, r-release-linux-x86_64, r-release-macos-arm64, r-release-macos-x86_64, r-release-windows-x86_64, r-oldrel-macos-arm64, r-oldrel-macos-x86_64, r-oldrel-windows-x86_64