CRAN Package Check Results for Package rtrends

Last updated on 2022-05-28 15:51:08 CEST.

Flavor Version Tinstall Tcheck Ttotal Status Flags
r-devel-linux-x86_64-debian-clang 0.1.0 2.25 31.21 33.46 OK
r-devel-linux-x86_64-debian-gcc 0.1.0 1.67 24.58 26.25 OK
r-devel-linux-x86_64-fedora-clang 0.1.0 42.14 NOTE
r-devel-linux-x86_64-fedora-gcc 0.1.0 29.84 NOTE
r-devel-windows-x86_64 0.1.0 11.00 47.00 58.00 OK
r-patched-linux-x86_64 0.1.0 2.02 30.04 32.06 OK
r-release-linux-x86_64 0.1.0 1.86 30.18 32.04 OK
r-release-macos-arm64 0.1.0 15.00 NOTE
r-release-macos-x86_64 0.1.0 26.00 NOTE
r-release-windows-x86_64 0.1.0 11.00 49.00 60.00 OK
r-oldrel-macos-arm64 0.1.0 19.00 NOTE
r-oldrel-macos-x86_64 0.1.0 26.00 NOTE
r-oldrel-windows-ix86+x86_64 0.1.0 6.00 40.00 46.00 OK

Check Details

Version: 0.1.0
Check: dependencies in R code
Result: NOTE
    Namespace in Imports field not imported from: ‘dplyr’
     All declared Imports should be used.
Flavors: r-devel-linux-x86_64-fedora-clang, r-devel-linux-x86_64-fedora-gcc, r-release-macos-arm64, r-release-macos-x86_64, r-oldrel-macos-arm64, r-oldrel-macos-x86_64