CRAN Package Check Results for Package rtk

Last updated on 2022-09-28 15:50:06 CEST.

Flavor Version Tinstall Tcheck Ttotal Status Flags
r-devel-linux-x86_64-debian-clang 0.2.6.1 63.36 36.31 99.67 OK
r-devel-linux-x86_64-debian-gcc 0.2.6.1 55.62 29.36 84.98 OK
r-devel-linux-x86_64-fedora-clang 0.2.6.1 146.73 OK
r-devel-linux-x86_64-fedora-gcc 0.2.6.1 142.35 OK
r-devel-windows-x86_64 0.2.6.1 50.00 97.00 147.00 OK
r-patched-linux-x86_64 0.2.6.1 56.46 36.12 92.58 OK
r-release-linux-x86_64 0.2.6.1 57.58 35.91 93.49 OK
r-release-macos-arm64 0.2.6.1 33.00 NOTE
r-release-macos-x86_64 0.2.6.1 50.00 NOTE
r-release-windows-x86_64 0.2.6.1 50.00 89.00 139.00 OK
r-oldrel-macos-arm64 0.2.6.1 42.00 NOTE
r-oldrel-macos-x86_64 0.2.6.1 74.00 NOTE
r-oldrel-windows-ix86+x86_64 0.2.6.1 135.00 98.00 233.00 OK

Check Details

Version: 0.2.6.1
Check: installed package size
Result: NOTE
     installed size is 7.3Mb
     sub-directories of 1Mb or more:
     libs 7.2Mb
Flavors: r-release-macos-arm64, r-release-macos-x86_64, r-oldrel-macos-arm64, r-oldrel-macos-x86_64