Last updated on 2022-06-25 03:51:08 CEST.
Flavor | Version | Tinstall | Tcheck | Ttotal | Status | Flags |
---|---|---|---|---|---|---|
r-devel-linux-x86_64-debian-clang | 0.4-14.1 | 3.84 | 49.98 | 53.82 | NOTE | |
r-devel-linux-x86_64-debian-gcc | 0.4-14.1 | 1.86 | 37.98 | 39.84 | NOTE | |
r-devel-linux-x86_64-fedora-clang | 0.4-14.1 | 77.03 | NOTE | |||
r-devel-linux-x86_64-fedora-gcc | 0.4-14.1 | 74.15 | NOTE | |||
r-devel-windows-x86_64 | 0.4-14.1 | 20.00 | 88.00 | 108.00 | OK | |
r-patched-linux-x86_64 | 0.4-14.1 | 4.20 | 48.00 | 52.20 | NOTE | |
r-release-linux-x86_64 | 0.4-14.1 | 3.03 | 47.17 | 50.20 | NOTE | |
r-release-macos-arm64 | 0.4-14.1 | 29.00 | OK | |||
r-release-macos-x86_64 | 0.4-14.1 | 41.00 | OK | |||
r-release-windows-x86_64 | 0.4-14.1 | 21.00 | 84.00 | 105.00 | OK | |
r-oldrel-macos-arm64 | 0.4-14.1 | 34.00 | OK | |||
r-oldrel-macos-x86_64 | 0.4-14.1 | 53.00 | OK | |||
r-oldrel-windows-ix86+x86_64 | 0.4-14.1 | 7.00 | 71.00 | 78.00 | OK |
Version: 0.4-14.1
Check: for non-standard things in the check directory
Result: NOTE
Found the following files/directories:
'test_addPageBreak.doc' 'test_addPlot.doc' 'test_addSessionInfo.doc'
'test_addTable.doc'
Flavors: r-devel-linux-x86_64-debian-clang, r-devel-linux-x86_64-debian-gcc, r-devel-linux-x86_64-fedora-clang, r-devel-linux-x86_64-fedora-gcc, r-patched-linux-x86_64, r-release-linux-x86_64