Last updated on 2022-06-28 03:51:42 CEST.
Flavor | Version | Tinstall | Tcheck | Ttotal | Status | Flags |
---|---|---|---|---|---|---|
r-devel-linux-x86_64-debian-clang | 0.2 | 4.69 | 41.64 | 46.33 | OK | |
r-devel-linux-x86_64-debian-gcc | 0.2 | 2.54 | 31.98 | 34.52 | OK | |
r-devel-linux-x86_64-fedora-clang | 0.2 | 64.94 | WARN | |||
r-devel-linux-x86_64-fedora-gcc | 0.2 | 66.17 | WARN | |||
r-devel-windows-x86_64 | 0.2 | 15.00 | 66.00 | 81.00 | OK | |
r-patched-linux-x86_64 | 0.2 | 4.86 | 39.73 | 44.59 | OK | |
r-release-linux-x86_64 | 0.2 | 3.74 | 40.30 | 44.04 | OK | |
r-release-macos-arm64 | 0.2 | 20.00 | OK | |||
r-release-macos-x86_64 | 0.2 | 28.00 | OK | |||
r-release-windows-x86_64 | 0.2 | 18.00 | 65.00 | 83.00 | OK | |
r-oldrel-macos-arm64 | 0.2 | 26.00 | OK | |||
r-oldrel-macos-x86_64 | 0.2 | 33.00 | OK | |||
r-oldrel-windows-ix86+x86_64 | 0.2 | 10.00 | 57.00 | 67.00 | OK |
Version: 0.2
Check: package dependencies
Result: WARN
Requires (indirectly) orphaned package: ‘gtools’
Flavors: r-devel-linux-x86_64-fedora-clang, r-devel-linux-x86_64-fedora-gcc