CRAN Package Check Results for Package rstantools

Last updated on 2024-07-24 03:49:27 CEST.

Flavor Version Tinstall Tcheck Ttotal Status Flags
r-devel-linux-x86_64-debian-clang 2.4.0 3.50 52.43 55.93 OK
r-devel-linux-x86_64-debian-gcc 2.4.0 2.62 40.81 43.43 NOTE
r-devel-linux-x86_64-fedora-clang 2.4.0 74.50 OK
r-devel-linux-x86_64-fedora-gcc 2.4.0 76.11 OK
r-devel-windows-x86_64 2.4.0 4.00 65.00 69.00 NOTE
r-patched-linux-x86_64 2.4.0 5.97 53.23 59.20 OK
r-release-linux-x86_64 2.4.0 2.29 51.56 53.85 OK
r-release-macos-arm64 2.4.0 31.00 OK
r-release-macos-x86_64 2.4.0 44.00 OK
r-release-windows-x86_64 2.4.0 4.00 66.00 70.00 OK
r-oldrel-macos-arm64 2.4.0 41.00 OK
r-oldrel-macos-x86_64 2.4.0 72.00 OK
r-oldrel-windows-x86_64 2.4.0 5.00 70.00 75.00 OK

Check Details

Version: 2.4.0
Check: Rd cross-references
Result: NOTE Found the following Rd file(s) with Rd \link{} targets missing package anchors: rstan_create_package.Rd: Rcpp Please provide package anchors for all Rd \link{} targets not in the package itself and the base packages. Flavors: r-devel-linux-x86_64-debian-gcc, r-devel-windows-x86_64