CRAN Package Check Results for Package rsparse

Last updated on 2022-07-02 03:51:38 CEST.

Flavor Version Tinstall Tcheck Ttotal Status Flags
r-devel-linux-x86_64-debian-clang 0.5.0 208.47 160.72 369.19 OK
r-devel-linux-x86_64-debian-gcc 0.5.0 172.43 116.40 288.83 OK
r-devel-linux-x86_64-fedora-clang 0.5.0 528.30 NOTE
r-devel-linux-x86_64-fedora-gcc 0.5.0 490.13 NOTE
r-devel-windows-x86_64 0.5.0 165.00 198.00 363.00 OK
r-patched-linux-x86_64 0.5.0 170.81 153.65 324.46 OK
r-release-linux-x86_64 0.5.0 178.64 153.94 332.58 OK
r-release-macos-arm64 0.5.0 124.00 NOTE
r-release-macos-x86_64 0.5.0 152.00 NOTE
r-release-windows-x86_64 0.5.0 168.00 201.00 369.00 OK
r-oldrel-macos-arm64 0.5.0 643.00 NOTE
r-oldrel-macos-x86_64 0.5.0 148.00 NOTE
r-oldrel-windows-ix86+x86_64 0.5.0 506.00 291.00 797.00 NOTE

Check Details

Version: 0.5.0
Check: installed package size
Result: NOTE
     installed size is 7.8Mb
     sub-directories of 1Mb or more:
     libs 7.0Mb
Flavors: r-devel-linux-x86_64-fedora-clang, r-release-macos-arm64, r-release-macos-x86_64, r-oldrel-macos-arm64, r-oldrel-macos-x86_64, r-oldrel-windows-ix86+x86_64

Version: 0.5.0
Check: dependencies in R code
Result: NOTE
    Namespace in Imports field not imported from: ‘MatrixExtra’
     All declared Imports should be used.
Flavors: r-devel-linux-x86_64-fedora-clang, r-devel-linux-x86_64-fedora-gcc, r-release-macos-arm64, r-release-macos-x86_64, r-oldrel-macos-arm64, r-oldrel-macos-x86_64