CRAN Package Check Results for Package rsparkling

Last updated on 2022-01-22 15:52:24 CET.

Flavor Version Tinstall Tcheck Ttotal Status Flags
r-devel-linux-x86_64-debian-clang 0.2.19 6.05 49.01 55.06 NOTE
r-devel-linux-x86_64-debian-gcc 0.2.19 4.87 37.53 42.40 NOTE
r-devel-linux-x86_64-fedora-clang 0.2.19 67.80 NOTE
r-devel-linux-x86_64-fedora-gcc 0.2.19 54.64 NOTE
r-devel-windows-x86_64-new-UL 0.2.19 19.00 62.00 81.00 NOTE
r-devel-windows-x86_64-new-TK 0.2.19 NOTE
r-patched-linux-x86_64 0.2.19 6.46 47.28 53.74 NOTE
r-release-linux-x86_64 0.2.19 6.47 46.51 52.98 NOTE
r-release-macos-arm64 0.2.19 NOTE
r-release-macos-x86_64 0.2.19 NOTE
r-release-windows-ix86+x86_64 0.2.19 16.00 57.00 73.00 NOTE
r-oldrel-macos-x86_64 0.2.19 NOTE
r-oldrel-windows-ix86+x86_64 0.2.19 17.00 58.00 75.00 OK

Check Details

Version: 0.2.19
Check: LazyData
Result: NOTE
     'LazyData' is specified without a 'data' directory
Flavors: r-devel-linux-x86_64-debian-clang, r-devel-linux-x86_64-debian-gcc, r-devel-linux-x86_64-fedora-clang, r-devel-linux-x86_64-fedora-gcc, r-devel-windows-x86_64-new-UL, r-devel-windows-x86_64-new-TK, r-patched-linux-x86_64, r-release-linux-x86_64, r-release-macos-arm64, r-release-macos-x86_64, r-release-windows-ix86+x86_64

Version: 0.2.19
Check: dependencies in R code
Result: NOTE
    Namespace in Imports field not imported from: ‘h2o’
     All declared Imports should be used.
Flavors: r-devel-linux-x86_64-fedora-clang, r-devel-linux-x86_64-fedora-gcc, r-devel-windows-x86_64-new-TK, r-release-macos-arm64, r-release-macos-x86_64, r-oldrel-macos-x86_64