CRAN Package Check Results for Package rslp

Last updated on 2022-06-26 15:53:09 CEST.

Flavor Version Tinstall Tcheck Ttotal Status Flags
r-devel-linux-x86_64-debian-clang 0.2.0 2.42 30.17 32.59 NOTE
r-devel-linux-x86_64-debian-gcc 0.2.0 1.74 22.86 24.60 NOTE
r-devel-linux-x86_64-fedora-clang 0.2.0 48.37 NOTE
r-devel-linux-x86_64-fedora-gcc 0.2.0 48.79 NOTE
r-devel-windows-x86_64 0.2.0 14.00 55.00 69.00 NOTE
r-patched-linux-x86_64 0.2.0 2.01 28.99 31.00 NOTE
r-release-linux-x86_64 0.2.0 1.65 29.06 30.71 NOTE
r-release-macos-arm64 0.2.0 20.00 NOTE
r-release-macos-x86_64 0.2.0 25.00 NOTE
r-release-windows-x86_64 0.2.0 10.00 60.00 70.00 NOTE
r-oldrel-macos-arm64 0.2.0 20.00 NOTE
r-oldrel-macos-x86_64 0.2.0 29.00 NOTE
r-oldrel-windows-ix86+x86_64 0.2.0 6.00 54.00 60.00 NOTE

Check Details

Version: 0.2.0
Check: LazyData
Result: NOTE
     'LazyData' is specified without a 'data' directory
Flavors: r-devel-linux-x86_64-debian-clang, r-devel-linux-x86_64-debian-gcc, r-devel-linux-x86_64-fedora-clang, r-devel-linux-x86_64-fedora-gcc, r-devel-windows-x86_64, r-patched-linux-x86_64, r-release-linux-x86_64, r-release-macos-arm64, r-release-macos-x86_64, r-release-windows-x86_64, r-oldrel-macos-arm64, r-oldrel-macos-x86_64, r-oldrel-windows-ix86+x86_64