CRAN Package Check Results for Package rsinaica

Last updated on 2022-06-27 15:53:53 CEST.

Flavor Version Tinstall Tcheck Ttotal Status Flags
r-devel-linux-x86_64-debian-clang 0.6.1 7.18 61.64 68.82 OK
r-devel-linux-x86_64-debian-gcc 0.6.1 5.65 46.48 52.13 OK
r-devel-linux-x86_64-fedora-clang 0.6.1 91.34 NOTE
r-devel-linux-x86_64-fedora-gcc 0.6.1 91.59 NOTE
r-devel-windows-x86_64 0.6.1 20.00 93.00 113.00 OK
r-patched-linux-x86_64 0.6.1 5.95 57.56 63.51 OK
r-release-linux-x86_64 0.6.1 5.77 58.84 64.61 OK
r-release-macos-arm64 0.6.1 28.00 NOTE
r-release-macos-x86_64 0.6.1 53.00 NOTE
r-release-windows-x86_64 0.6.1 23.00 98.00 121.00 OK
r-oldrel-macos-arm64 0.6.1 35.00 NOTE
r-oldrel-macos-x86_64 0.6.1 1803.00 NOTE
r-oldrel-windows-ix86+x86_64 0.6.1 16.00 91.00 107.00 OK

Check Details

Version: 0.6.1
Check: data for non-ASCII characters
Result: NOTE
     Note: found 467 marked UTF-8 strings
Flavors: r-devel-linux-x86_64-fedora-clang, r-devel-linux-x86_64-fedora-gcc, r-release-macos-arm64, r-release-macos-x86_64, r-oldrel-macos-arm64, r-oldrel-macos-x86_64