CRAN Package Check Results for Package rshift

Last updated on 2022-10-06 15:53:55 CEST.

Flavor Version Tinstall Tcheck Ttotal Status Flags
r-devel-linux-x86_64-debian-clang 2.1.1 5.72 62.48 68.20 OK
r-devel-linux-x86_64-debian-gcc 2.1.1 4.71 46.22 50.93 OK
r-devel-linux-x86_64-fedora-clang 2.1.1 95.53 OK
r-devel-linux-x86_64-fedora-gcc 2.1.1 88.24 OK
r-devel-windows-x86_64 2.1.1 13.00 101.00 114.00 OK
r-patched-linux-x86_64 2.1.1 5.54 57.57 63.11 OK
r-release-linux-x86_64 2.1.1 5.85 57.61 63.46 OK
r-release-macos-arm64 2.1.1 29.00 OK
r-release-macos-x86_64 2.1.1 52.00 OK
r-release-windows-x86_64 2.1.1 12.00 99.00 111.00 OK
r-oldrel-macos-arm64 2.1.1 29.00 OK
r-oldrel-macos-x86_64 2.1.1 39.00 OK
r-oldrel-windows-ix86+x86_64 2.1.1 17.00 86.00 103.00 WARN

Check Details

Version: 2.1.1
Check: re-building of vignette outputs
Result: WARN
    Error(s) in re-building vignettes:
    --- re-building 'STARSmanual.ltx' using tex
    Warning in system(paste(shQuote(texi2dvi), if (quiet) "--quiet" else "", :
     running command '"D:\compiler\texmf\miktex\bin\texify.exe" --quiet --pdf "STARSmanual.ltx" --max-iterations=20 -I "D:/RCompile/recent/R-4.1.3/share/texmf/tex/latex" -I "D:/RCompile/recent/R-4.1.3/share/texmf/bibtex/bst"' had status 1
    Error: processing vignette 'STARSmanual.ltx' failed with diagnostics:
    running 'texi2dvi' on 'STARSmanual.ltx' failed
    
    BibTeX errors:
    I couldn't open database file bibliography.bib.bib
    ---line 12 of file STARSmanual.aux
     : \bibdata{bibliography.bib
     : }
    I'm skipping whatever remains of this command
    I found no database files---while reading file STARSmanual.aux
    
    --- failed re-building 'STARSmanual.ltx'
    
    SUMMARY: processing the following file failed:
     'STARSmanual.ltx'
    
    Error: Vignette re-building failed.
    Execution halted
Flavor: r-oldrel-windows-ix86+x86_64