CRAN Package Check Results for Package rpredictit

Last updated on 2022-05-16 03:53:41 CEST.

Flavor Version Tinstall Tcheck Ttotal Status Flags
r-devel-linux-x86_64-debian-clang 0.0.2 4.09 80.83 84.92 NOTE
r-devel-linux-x86_64-debian-gcc 0.0.2 3.33 60.48 63.81 NOTE
r-devel-linux-x86_64-fedora-clang 0.0.2 99.40 NOTE
r-devel-linux-x86_64-fedora-gcc 0.0.2 95.89 NOTE
r-devel-windows-x86_64 0.0.2 58.00 109.00 167.00 NOTE
r-patched-linux-x86_64 0.0.2 8.54 76.30 84.84 NOTE
r-release-linux-x86_64 0.0.2 4.15 76.28 80.43 NOTE
r-release-macos-arm64 0.0.2 40.00 NOTE
r-release-macos-x86_64 0.0.2 66.00 NOTE
r-release-windows-x86_64 0.0.2 39.00 117.00 156.00 NOTE
r-oldrel-macos-arm64 0.0.2 68.00 NOTE
r-oldrel-macos-x86_64 0.0.2 60.00 NOTE
r-oldrel-windows-ix86+x86_64 0.0.2 11.00 100.00 111.00 NOTE

Check Details

Version: 0.0.2
Check: LazyData
Result: NOTE
     'LazyData' is specified without a 'data' directory
Flavors: r-devel-linux-x86_64-debian-clang, r-devel-linux-x86_64-debian-gcc, r-devel-linux-x86_64-fedora-clang, r-devel-linux-x86_64-fedora-gcc, r-devel-windows-x86_64, r-patched-linux-x86_64, r-release-linux-x86_64, r-release-macos-arm64, r-release-macos-x86_64, r-release-windows-x86_64, r-oldrel-macos-arm64, r-oldrel-macos-x86_64, r-oldrel-windows-ix86+x86_64

Version: 0.0.2
Check: Rd cross-references
Result: NOTE
    Undeclared package ‘htmlwidgets’ in Rd xrefs
Flavor: r-devel-linux-x86_64-fedora-clang