CRAN Package Check Results for Package rpostgis

Last updated on 2022-08-08 15:55:22 CEST.

Flavor Version Tinstall Tcheck Ttotal Status Flags
r-devel-linux-x86_64-debian-clang 1.4.3 35.76 275.39 311.15 NOTE
r-devel-linux-x86_64-debian-gcc 1.4.3 25.31 201.48 226.79 NOTE
r-devel-linux-x86_64-fedora-clang 1.4.3 353.93 NOTE
r-devel-linux-x86_64-fedora-gcc 1.4.3 361.01 NOTE
r-devel-windows-x86_64 1.4.3 53.00 260.00 313.00 NOTE
r-patched-linux-x86_64 1.4.3 32.09 264.31 296.40 NOTE
r-release-linux-x86_64 1.4.3 NOTE
r-release-macos-arm64 1.4.3 75.00 NOTE
r-release-macos-x86_64 1.4.3 107.00 NOTE
r-release-windows-x86_64 1.4.3 52.00 264.00 316.00 NOTE
r-oldrel-macos-arm64 1.4.3 41.00 NOTE
r-oldrel-macos-x86_64 1.4.3 78.00 NOTE
r-oldrel-windows-ix86+x86_64 1.4.3 65.00 269.00 334.00 NOTE

Check Details

Version: 1.4.3
Check: LazyData
Result: NOTE
     'LazyData' is specified without a 'data' directory
Flavors: r-devel-linux-x86_64-debian-clang, r-devel-linux-x86_64-debian-gcc, r-devel-linux-x86_64-fedora-clang, r-devel-linux-x86_64-fedora-gcc, r-devel-windows-x86_64, r-patched-linux-x86_64, r-release-linux-x86_64, r-release-macos-arm64, r-release-macos-x86_64, r-release-windows-x86_64, r-oldrel-macos-arm64, r-oldrel-macos-x86_64, r-oldrel-windows-ix86+x86_64