CRAN Package Check Results for Package rpms

Last updated on 2022-01-21 16:51:06 CET.

Flavor Version Tinstall Tcheck Ttotal Status Flags
r-devel-linux-x86_64-debian-clang 0.5.1 83.04 62.64 145.68 OK
r-devel-linux-x86_64-debian-gcc 0.5.1 66.75 49.02 115.77 OK
r-devel-linux-x86_64-fedora-clang 0.5.1 202.37 NOTE
r-devel-linux-x86_64-fedora-gcc 0.5.1 184.58 OK
r-devel-windows-x86_64-new-UL 0.5.1 82.00 106.00 188.00 NOTE
r-devel-windows-x86_64-new-TK 0.5.1 OK
r-patched-linux-x86_64 0.5.1 74.29 60.97 135.26 OK
r-release-linux-x86_64 0.5.1 76.73 60.24 136.97 OK
r-release-macos-arm64 0.5.1 NOTE
r-release-macos-x86_64 0.5.1 NOTE
r-release-windows-ix86+x86_64 0.5.1 195.00 124.00 319.00 NOTE
r-oldrel-macos-x86_64 0.5.1 NOTE
r-oldrel-windows-ix86+x86_64 0.5.1 193.00 127.00 320.00 NOTE

Check Details

Version: 0.5.1
Check: installed package size
Result: NOTE
     installed size is 9.1Mb
     sub-directories of 1Mb or more:
     data 2.4Mb
     libs 5.2Mb
Flavors: r-devel-linux-x86_64-fedora-clang, r-devel-windows-x86_64-new-UL, r-release-macos-arm64, r-release-macos-x86_64, r-release-windows-ix86+x86_64, r-oldrel-macos-x86_64, r-oldrel-windows-ix86+x86_64