Last updated on 2022-07-02 03:51:38 CEST.
Flavor | Version | Tinstall | Tcheck | Ttotal | Status | Flags |
---|---|---|---|---|---|---|
r-devel-linux-x86_64-debian-clang | 0.3.5 | 6.63 | 48.97 | 55.60 | NOTE | |
r-devel-linux-x86_64-debian-gcc | 0.3.5 | 6.85 | 37.72 | 44.57 | NOTE | |
r-devel-linux-x86_64-fedora-clang | 0.3.5 | 78.64 | NOTE | |||
r-devel-linux-x86_64-fedora-gcc | 0.3.5 | 80.53 | NOTE | |||
r-devel-windows-x86_64 | 0.3.5 | 33.00 | 80.00 | 113.00 | NOTE | |
r-patched-linux-x86_64 | 0.3.5 | 6.36 | 48.13 | 54.49 | NOTE | |
r-release-linux-x86_64 | 0.3.5 | 7.90 | 47.79 | 55.69 | NOTE | |
r-release-macos-arm64 | 0.3.5 | 26.00 | NOTE | |||
r-release-macos-x86_64 | 0.3.5 | 33.00 | NOTE | |||
r-release-windows-x86_64 | 0.3.5 | 33.00 | 89.00 | 122.00 | NOTE | |
r-oldrel-macos-arm64 | 0.3.5 | 24.00 | NOTE | |||
r-oldrel-macos-x86_64 | 0.3.5 | 45.00 | NOTE | |||
r-oldrel-windows-ix86+x86_64 | 0.3.5 | 13.00 | 71.00 | 84.00 | NOTE |
Version: 0.3.5
Check: LazyData
Result: NOTE
'LazyData' is specified without a 'data' directory
Flavors: r-devel-linux-x86_64-debian-clang, r-devel-linux-x86_64-debian-gcc, r-devel-linux-x86_64-fedora-clang, r-devel-linux-x86_64-fedora-gcc, r-devel-windows-x86_64, r-patched-linux-x86_64, r-release-linux-x86_64, r-release-macos-arm64, r-release-macos-x86_64, r-release-windows-x86_64, r-oldrel-macos-arm64, r-oldrel-macos-x86_64, r-oldrel-windows-ix86+x86_64