Last updated on 2022-07-01 15:51:28 CEST.
Flavor | Version | Tinstall | Tcheck | Ttotal | Status | Flags |
---|---|---|---|---|---|---|
r-devel-linux-x86_64-debian-clang | 1.6.4 | 118.65 | 108.41 | 227.06 | OK | |
r-devel-linux-x86_64-debian-gcc | 1.6.4 | 99.21 | 79.53 | 178.74 | OK | |
r-devel-linux-x86_64-fedora-clang | 1.6.4 | 334.38 | NOTE | |||
r-devel-linux-x86_64-fedora-gcc | 1.6.4 | 324.64 | OK | |||
r-devel-windows-x86_64 | 1.6.4 | 121.00 | 187.00 | 308.00 | NOTE | |
r-patched-linux-x86_64 | 1.6.4 | 103.90 | 102.82 | 206.72 | OK | |
r-release-linux-x86_64 | 1.6.4 | 108.68 | 102.61 | 211.29 | OK | |
r-release-macos-arm64 | 1.6.4 | 77.00 | NOTE | |||
r-release-macos-x86_64 | 1.6.4 | 107.00 | NOTE | |||
r-release-windows-x86_64 | 1.6.4 | 120.00 | 187.00 | 307.00 | NOTE | |
r-oldrel-macos-arm64 | 1.6.4 | 76.00 | NOTE | |||
r-oldrel-macos-x86_64 | 1.6.4 | 105.00 | NOTE | |||
r-oldrel-windows-ix86+x86_64 | 1.6.4 | 208.00 | 177.00 | 385.00 | NOTE |
Version: 1.6.4
Check: installed package size
Result: NOTE
installed size is 8.5Mb
sub-directories of 1Mb or more:
R 1.1Mb
data 2.7Mb
libs 4.1Mb
Flavors: r-devel-linux-x86_64-fedora-clang, r-devel-windows-x86_64, r-release-macos-arm64, r-release-macos-x86_64, r-release-windows-x86_64, r-oldrel-macos-arm64, r-oldrel-macos-x86_64, r-oldrel-windows-ix86+x86_64