Last updated on 2022-07-01 03:54:00 CEST.
Flavor | Version | Tinstall | Tcheck | Ttotal | Status | Flags |
---|---|---|---|---|---|---|
r-devel-linux-x86_64-debian-clang | 0.3.9 | 16.64 | 123.65 | 140.29 | WARN | |
r-devel-linux-x86_64-debian-gcc | 0.3.9 | 13.31 | 89.19 | 102.50 | WARN | |
r-devel-linux-x86_64-fedora-clang | 0.3.9 | 170.61 | WARN | |||
r-devel-linux-x86_64-fedora-gcc | 0.3.9 | 179.45 | WARN | |||
r-devel-windows-x86_64 | 0.3.9 | 50.00 | 149.00 | 199.00 | WARN | |
r-patched-linux-x86_64 | 0.3.9 | 21.80 | 113.02 | 134.82 | WARN | |
r-release-linux-x86_64 | 0.3.9 | 16.20 | 114.73 | 130.93 | WARN | |
r-release-macos-arm64 | 0.3.9 | 46.00 | NOTE | |||
r-release-macos-x86_64 | 0.3.9 | 78.00 | NOTE | |||
r-release-windows-x86_64 | 0.3.9 | 29.00 | 147.00 | 176.00 | WARN | |
r-oldrel-macos-arm64 | 0.3.9 | 44.00 | NOTE | |||
r-oldrel-macos-x86_64 | 0.3.9 | 62.00 | NOTE | |||
r-oldrel-windows-ix86+x86_64 | 0.3.9 | 34.00 | 139.00 | 173.00 | WARN |
Version: 0.3.9
Check: for code/documentation mismatches
Result: WARN
Codoc mismatches from documentation object 'recode':
recode
Code: function(var, recodes, as.factor, as.numeric = TRUE, levels,
to.value = "=", interval = ":", separator = ";")
Docs: function(var, recodes, as.factor, as.numeric = TRUE, levels)
Argument names in code not in docs:
to.value interval separator
Flavors: r-devel-linux-x86_64-debian-clang, r-devel-linux-x86_64-debian-gcc, r-devel-linux-x86_64-fedora-clang, r-devel-linux-x86_64-fedora-gcc, r-devel-windows-x86_64, r-patched-linux-x86_64, r-release-linux-x86_64, r-release-windows-x86_64, r-oldrel-windows-ix86+x86_64
Version: 0.3.9
Check: dependencies in R code
Result: NOTE
Namespaces in Imports field not imported from:
‘diptest’ ‘methods’ ‘viridis’
All declared Imports should be used.
Flavors: r-devel-linux-x86_64-fedora-clang, r-devel-linux-x86_64-fedora-gcc, r-release-macos-arm64, r-release-macos-x86_64, r-oldrel-macos-arm64, r-oldrel-macos-x86_64