Last updated on 2022-06-26 03:50:11 CEST.
Flavor | Version | Tinstall | Tcheck | Ttotal | Status | Flags |
---|---|---|---|---|---|---|
r-devel-linux-x86_64-debian-clang | 0.1.1 | 10.67 | 169.36 | 180.03 | OK | |
r-devel-linux-x86_64-debian-gcc | 0.1.1 | 8.28 | 115.02 | 123.30 | OK | |
r-devel-linux-x86_64-fedora-clang | 0.1.1 | 215.70 | NOTE | |||
r-devel-linux-x86_64-fedora-gcc | 0.1.1 | 209.89 | NOTE | |||
r-devel-windows-x86_64 | 0.1.1 | 31.00 | 172.00 | 203.00 | OK | |
r-patched-linux-x86_64 | 0.1.1 | 16.99 | 148.10 | 165.09 | OK | |
r-release-linux-x86_64 | 0.1.1 | 7.05 | 151.63 | 158.68 | OK | |
r-release-macos-arm64 | 0.1.1 | 60.00 | NOTE | |||
r-release-macos-x86_64 | 0.1.1 | 95.00 | NOTE | |||
r-release-windows-x86_64 | 0.1.1 | 37.00 | 179.00 | 216.00 | OK | |
r-oldrel-macos-arm64 | 0.1.1 | 60.00 | NOTE | |||
r-oldrel-macos-x86_64 | 0.1.1 | 77.00 | NOTE | |||
r-oldrel-windows-ix86+x86_64 | 0.1.1 | 29.00 | 290.00 | 319.00 | OK |
Version: 0.1.1
Check: data for non-ASCII characters
Result: NOTE
Note: found 261 marked UTF-8 strings
Flavors: r-devel-linux-x86_64-fedora-clang, r-devel-linux-x86_64-fedora-gcc, r-release-macos-arm64, r-release-macos-x86_64, r-oldrel-macos-arm64, r-oldrel-macos-x86_64