CRAN Package Check Results for Package robustlmm

Last updated on 2022-01-24 15:54:24 CET.

Flavor Version Tinstall Tcheck Ttotal Status Flags
r-devel-linux-x86_64-debian-clang 2.4-5 234.44 329.34 563.78 OK
r-devel-linux-x86_64-debian-gcc 2.4-5 184.43 252.13 436.56 OK
r-devel-linux-x86_64-fedora-clang 2.4-5 754.75 NOTE
r-devel-linux-x86_64-fedora-gcc 2.4-5 793.72 OK
r-devel-windows-x86_64-new-UL 2.4-5 233.00 389.00 622.00 OK
r-devel-windows-x86_64-new-TK 2.4-5 ERROR
r-patched-linux-x86_64 2.4-5 213.25 324.43 537.68 OK
r-release-linux-x86_64 2.4-5 221.75 319.18 540.93 OK
r-release-macos-arm64 2.4-5 NOTE
r-release-macos-x86_64 2.4-5 NOTE
r-release-windows-ix86+x86_64 2.4-5 529.00 582.00 1111.00 NOTE
r-oldrel-macos-x86_64 2.4-5 NOTE
r-oldrel-windows-ix86+x86_64 2.4-5 531.00 590.00 1121.00 NOTE

Additional issues

rchk

Check Details

Version: 2.4-5
Check: installed package size
Result: NOTE
     installed size is 29.1Mb
     sub-directories of 1Mb or more:
     libs 28.0Mb
Flavors: r-devel-linux-x86_64-fedora-clang, r-release-macos-arm64, r-release-macos-x86_64, r-release-windows-ix86+x86_64, r-oldrel-macos-x86_64, r-oldrel-windows-ix86+x86_64

Version: 2.4-5
Check: package dependencies
Result: ERROR
    Package required but not available: 'lme4'
    
    See section 'The DESCRIPTION file' in the 'Writing R Extensions'
    manual.
Flavor: r-devel-windows-x86_64-new-TK