CRAN Package Check Results for Package robustlm

Last updated on 2022-05-20 15:52:17 CEST.

Flavor Version Tinstall Tcheck Ttotal Status Flags
r-devel-linux-x86_64-debian-clang 0.1.0 2.46 41.71 44.17 NOTE
r-devel-linux-x86_64-debian-gcc 0.1.0 1.87 32.48 34.35 NOTE
r-devel-linux-x86_64-fedora-clang 0.1.0 56.21 NOTE
r-devel-linux-x86_64-fedora-gcc 0.1.0 52.91 NOTE
r-devel-windows-x86_64 0.1.0 16.00 59.00 75.00 NOTE
r-patched-linux-x86_64 0.1.0 2.37 40.39 42.76 NOTE
r-release-linux-x86_64 0.1.0 2.42 39.99 42.41 NOTE
r-release-macos-arm64 0.1.0 16.00 NOTE
r-release-macos-x86_64 0.1.0 25.00 NOTE
r-release-windows-x86_64 0.1.0 13.00 61.00 74.00 NOTE
r-oldrel-macos-arm64 0.1.0 20.00 NOTE
r-oldrel-macos-x86_64 0.1.0 36.00 NOTE
r-oldrel-windows-ix86+x86_64 0.1.0 6.00 62.00 68.00 NOTE

Check Details

Version: 0.1.0
Check: LazyData
Result: NOTE
     'LazyData' is specified without a 'data' directory
Flavors: r-devel-linux-x86_64-debian-clang, r-devel-linux-x86_64-debian-gcc, r-devel-linux-x86_64-fedora-clang, r-devel-linux-x86_64-fedora-gcc, r-devel-windows-x86_64, r-patched-linux-x86_64, r-release-linux-x86_64, r-release-macos-arm64, r-release-macos-x86_64, r-release-windows-x86_64, r-oldrel-macos-arm64, r-oldrel-macos-x86_64, r-oldrel-windows-ix86+x86_64