CRAN Package Check Results for Package robustfa

Last updated on 2024-06-17 04:48:59 CEST.

Flavor Version Tinstall Tcheck Ttotal Status Flags
r-devel-linux-x86_64-debian-clang 1.1-0 8.14 89.40 97.54 OK
r-devel-linux-x86_64-debian-gcc 1.1-0 4.89 68.86 73.75 OK
r-devel-linux-x86_64-fedora-clang 1.1-0 123.61 OK
r-devel-linux-x86_64-fedora-gcc 1.1-0 130.82 OK
r-devel-windows-x86_64 1.1-0 6.00 116.00 122.00 OK
r-patched-linux-x86_64 1.1-0 8.69 86.75 95.44 OK
r-release-linux-x86_64 1.1-0 5.70 88.32 94.02 OK
r-release-macos-arm64 1.1-0 46.00 OK
r-release-macos-x86_64 1.1-0 78.00 WARN
r-release-windows-x86_64 1.1-0 7.00 117.00 124.00 OK
r-oldrel-macos-arm64 1.1-0 48.00 OK
r-oldrel-macos-x86_64 1.1-0 141.00 OK
r-oldrel-windows-x86_64 1.1-0 8.00 121.00 129.00 OK

Check Details

Version: 1.1-0
Check: re-building of vignette outputs
Result: WARN Error(s) in re-building vignettes: ... --- re-building ‘robustfa-knitr.Rnw’ using knitr Error: processing vignette 'robustfa-knitr.Rnw' failed with diagnostics: Running 'texi2dvi' on 'robustfa-knitr.tex' failed. LaTeX errors: ! Undefined control sequence. l.1481 \hldef {faCovPcaRegMcd} \hlkwb{=} \hlkwd{FaCov}\hldef{(}\hlkwc{x} \h... ? ! Emergency stop. l.1481 End of file on the terminal! ! ==> Fatal error occurred, no output PDF file produced! --- failed re-building ‘robustfa-knitr.Rnw’ SUMMARY: processing the following file failed: ‘robustfa-knitr.Rnw’ Error: Vignette re-building failed. Execution halted Flavor: r-release-macos-x86_64