CRAN Package Check Results for Package robustX

Last updated on 2022-01-29 03:59:34 CET.

Flavor Version Tinstall Tcheck Ttotal Status Flags
r-devel-linux-x86_64-debian-clang 1.2-5 4.56 57.93 62.49 OK
r-devel-linux-x86_64-debian-gcc 1.2-5 3.39 45.28 48.67 OK
r-devel-linux-x86_64-fedora-clang 1.2-5 75.83 NOTE
r-devel-linux-x86_64-fedora-gcc 1.2-5 64.53 OK
r-devel-windows-x86_64-new-UL 1.2-5 16.00 76.00 92.00 OK
r-devel-windows-x86_64-new-TK 1.2-5 OK
r-patched-linux-x86_64 1.2-5 3.69 51.48 55.17 OK
r-release-linux-x86_64 1.2-5 3.89 51.09 54.98 OK
r-release-macos-arm64 1.2-5 OK
r-release-macos-x86_64 1.2-5 OK
r-release-windows-ix86+x86_64 1.2-5 7.00 59.00 66.00 OK
r-oldrel-macos-x86_64 1.2-5 OK
r-oldrel-windows-ix86+x86_64 1.2-5 8.00 64.00 72.00 OK

Check Details

Version: 1.2-5
Check: Rd cross-references
Result: NOTE
    Undeclared package ‘pcaPP’ in Rd xrefs
Flavor: r-devel-linux-x86_64-fedora-clang