Last updated on 2022-05-21 15:50:05 CEST.
Flavor | Version | Tinstall | Tcheck | Ttotal | Status | Flags |
---|---|---|---|---|---|---|
r-devel-linux-x86_64-debian-clang | 0.7.2 | 125.72 | 149.76 | 275.48 | OK | |
r-devel-linux-x86_64-debian-gcc | 0.7.2 | 104.39 | 110.12 | 214.51 | OK | |
r-devel-linux-x86_64-fedora-clang | 0.7.2 | 392.59 | NOTE | |||
r-devel-linux-x86_64-fedora-gcc | 0.7.2 | 343.69 | OK | |||
r-devel-windows-x86_64 | 0.7.2 | 149.00 | 178.00 | 327.00 | OK | |
r-patched-linux-x86_64 | 0.7.2 | 105.13 | 141.84 | 246.97 | OK | |
r-release-linux-x86_64 | 0.7.2 | 108.62 | 142.40 | 251.02 | OK | |
r-release-macos-arm64 | 0.7.2 | 93.00 | NOTE | |||
r-release-macos-x86_64 | 0.7.2 | 164.00 | NOTE | |||
r-release-windows-x86_64 | 0.7.2 | 144.00 | 185.00 | 329.00 | OK | |
r-oldrel-macos-arm64 | 0.7.2 | 135.00 | NOTE | |||
r-oldrel-macos-x86_64 | 0.7.2 | 108.00 | NOTE | |||
r-oldrel-windows-ix86+x86_64 | 0.7.2 | 304.00 | 246.00 | 550.00 | OK |
Version: 0.7.2
Check: installed package size
Result: NOTE
installed size is 5.9Mb
sub-directories of 1Mb or more:
data 1.3Mb
libs 3.9Mb
Flavors: r-devel-linux-x86_64-fedora-clang, r-release-macos-arm64, r-release-macos-x86_64, r-oldrel-macos-arm64, r-oldrel-macos-x86_64