CRAN Package Check Results for Package robumeta

Last updated on 2022-01-22 15:52:23 CET.

Flavor Version Tinstall Tcheck Ttotal Status Flags
r-devel-linux-x86_64-debian-clang 2.0 2.69 38.70 41.39 OK
r-devel-linux-x86_64-debian-gcc 2.0 2.23 30.32 32.55 OK
r-devel-linux-x86_64-fedora-clang 2.0 55.40 NOTE
r-devel-linux-x86_64-fedora-gcc 2.0 44.26 NOTE
r-devel-windows-x86_64-new-UL 2.0 33.00 55.00 88.00 OK
r-devel-windows-x86_64-new-TK 2.0 NOTE
r-patched-linux-x86_64 2.0 3.03 37.77 40.80 OK
r-release-linux-x86_64 2.0 2.72 37.06 39.78 OK
r-release-macos-arm64 2.0 NOTE
r-release-macos-x86_64 2.0 NOTE
r-release-windows-ix86+x86_64 2.0 7.00 46.00 53.00 OK
r-oldrel-macos-x86_64 2.0 NOTE
r-oldrel-windows-ix86+x86_64 2.0 7.00 52.00 59.00 OK

Check Details

Version: 2.0
Check: data for non-ASCII characters
Result: NOTE
     Note: found 6 marked UTF-8 strings
Flavors: r-devel-linux-x86_64-fedora-clang, r-devel-linux-x86_64-fedora-gcc, r-devel-windows-x86_64-new-TK, r-release-macos-arm64, r-release-macos-x86_64, r-oldrel-macos-x86_64