CRAN Package Check Results for Package robets

Last updated on 2022-06-26 15:53:09 CEST.

Flavor Version Tinstall Tcheck Ttotal Status Flags
r-devel-linux-x86_64-debian-clang 1.4 39.41 85.00 124.41 NOTE
r-devel-linux-x86_64-debian-gcc 1.4 29.81 63.25 93.06 NOTE
r-devel-linux-x86_64-fedora-clang 1.4 176.88 NOTE
r-devel-linux-x86_64-fedora-gcc 1.4 167.58 NOTE
r-devel-windows-x86_64 1.4 45.00 123.00 168.00 NOTE
r-patched-linux-x86_64 1.4 38.65 80.09 118.74 NOTE
r-release-linux-x86_64 1.4 30.51 80.04 110.55 NOTE
r-release-macos-arm64 1.4 45.00 NOTE
r-release-macos-x86_64 1.4 71.00 NOTE
r-release-windows-x86_64 1.4 40.00 121.00 161.00 NOTE
r-oldrel-macos-arm64 1.4 47.00 NOTE
r-oldrel-macos-x86_64 1.4 67.00 NOTE
r-oldrel-windows-ix86+x86_64 1.4 105.00 151.00 256.00 NOTE

Check Details

Version: 1.4
Check: LazyData
Result: NOTE
     'LazyData' is specified without a 'data' directory
Flavors: r-devel-linux-x86_64-debian-clang, r-devel-linux-x86_64-debian-gcc, r-devel-linux-x86_64-fedora-clang, r-devel-linux-x86_64-fedora-gcc, r-devel-windows-x86_64, r-patched-linux-x86_64, r-release-linux-x86_64, r-release-macos-arm64, r-release-macos-x86_64, r-release-windows-x86_64, r-oldrel-macos-arm64, r-oldrel-macos-x86_64, r-oldrel-windows-ix86+x86_64