CRAN Package Check Results for Package rmumps

Last updated on 2022-07-02 15:52:28 CEST.

Flavor Version Tinstall Tcheck Ttotal Status Flags
r-devel-linux-x86_64-debian-clang 5.2.1-15 246.62 67.54 314.16 NOTE
r-devel-linux-x86_64-debian-gcc 5.2.1-15 229.83 52.87 282.70 NOTE
r-devel-linux-x86_64-fedora-clang 5.2.1-15 460.68 NOTE
r-devel-linux-x86_64-fedora-gcc 5.2.1-15 452.14 NOTE
r-devel-windows-x86_64 5.2.1-15 1447.00 139.00 1586.00 NOTE
r-patched-linux-x86_64 5.2.1-15 222.31 67.32 289.63 NOTE
r-release-linux-x86_64 5.2.1-15 227.50 65.84 293.34 NOTE
r-release-macos-arm64 5.2.1-15 220.00 NOTE
r-release-macos-x86_64 5.2.1-15 188.00 NOTE
r-release-windows-x86_64 5.2.1-15 1269.00 143.00 1412.00 NOTE
r-oldrel-macos-arm64 5.2.1-15 200.00 NOTE
r-oldrel-macos-x86_64 5.2.1-15 183.00 NOTE
r-oldrel-windows-ix86+x86_64 5.2.1-15 688.00 151.00 839.00 NOTE

Check Details

Version: 5.2.1-15
Check: for GNU extensions in Makefiles
Result: NOTE
    GNU make is a SystemRequirements.
Flavors: r-devel-linux-x86_64-debian-clang, r-devel-linux-x86_64-debian-gcc, r-devel-linux-x86_64-fedora-clang, r-devel-linux-x86_64-fedora-gcc, r-devel-windows-x86_64, r-patched-linux-x86_64, r-release-linux-x86_64, r-release-macos-arm64, r-release-macos-x86_64, r-release-windows-x86_64, r-oldrel-macos-arm64, r-oldrel-macos-x86_64, r-oldrel-windows-ix86+x86_64

Version: 5.2.1-15
Check: installed package size
Result: NOTE
     installed size is 10.9Mb
     sub-directories of 1Mb or more:
     libs 10.6Mb
Flavors: r-devel-linux-x86_64-fedora-clang, r-release-macos-arm64, r-release-macos-x86_64, r-oldrel-macos-arm64, r-oldrel-macos-x86_64, r-oldrel-windows-ix86+x86_64