Last updated on 2022-05-19 04:51:13 CEST.
Flavor | Version | Tinstall | Tcheck | Ttotal | Status | Flags |
---|---|---|---|---|---|---|
r-devel-linux-x86_64-debian-clang | 0.1.3 | 1.80 | 39.13 | 40.93 | NOTE | |
r-devel-linux-x86_64-debian-gcc | 0.1.3 | 1.73 | 30.31 | 32.04 | NOTE | |
r-devel-linux-x86_64-fedora-clang | 0.1.3 | 52.00 | NOTE | |||
r-devel-linux-x86_64-fedora-gcc | 0.1.3 | 48.22 | NOTE | |||
r-devel-windows-x86_64 | 0.1.3 | 10.00 | 61.00 | 71.00 | NOTE | |
r-patched-linux-x86_64 | 0.1.3 | 2.24 | 37.92 | 40.16 | NOTE | |
r-release-linux-x86_64 | 0.1.3 | 2.02 | 38.07 | 40.09 | NOTE | |
r-release-macos-arm64 | 0.1.3 | 18.00 | NOTE | |||
r-release-macos-x86_64 | 0.1.3 | 27.00 | NOTE | |||
r-release-windows-x86_64 | 0.1.3 | 10.00 | 62.00 | 72.00 | NOTE | |
r-oldrel-macos-arm64 | 0.1.3 | 24.00 | NOTE | |||
r-oldrel-macos-x86_64 | 0.1.3 | 33.00 | NOTE | |||
r-oldrel-windows-ix86+x86_64 | 0.1.3 | 7.00 | 49.00 | 56.00 | NOTE |
Version: 0.1.3
Check: LazyData
Result: NOTE
'LazyData' is specified without a 'data' directory
Flavors: r-devel-linux-x86_64-debian-clang, r-devel-linux-x86_64-debian-gcc, r-devel-linux-x86_64-fedora-clang, r-devel-linux-x86_64-fedora-gcc, r-devel-windows-x86_64, r-patched-linux-x86_64, r-release-linux-x86_64, r-release-macos-arm64, r-release-macos-x86_64, r-release-windows-x86_64, r-oldrel-macos-arm64, r-oldrel-macos-x86_64, r-oldrel-windows-ix86+x86_64