Last updated on 2022-05-24 03:55:20 CEST.
Flavor | Version | Tinstall | Tcheck | Ttotal | Status | Flags |
---|---|---|---|---|---|---|
r-devel-linux-x86_64-debian-clang | 2.14 | 12.73 | 98.15 | 110.88 | OK | |
r-devel-linux-x86_64-debian-gcc | 2.14 | 10.64 | 73.52 | 84.16 | OK | |
r-devel-linux-x86_64-fedora-clang | 2.14 | 136.28 | NOTE | |||
r-devel-linux-x86_64-fedora-gcc | 2.14 | 136.27 | OK | |||
r-devel-windows-x86_64 | 2.14 | 349.00 | 127.00 | 476.00 | NOTE | |
r-patched-linux-x86_64 | 2.14 | 15.22 | 91.93 | 107.15 | OK | |
r-release-linux-x86_64 | 2.14 | OK | ||||
r-release-macos-arm64 | 2.14 | 47.00 | NOTE | |||
r-release-macos-x86_64 | 2.14 | 62.00 | NOTE | |||
r-release-windows-x86_64 | 2.14 | 273.00 | 128.00 | 401.00 | NOTE | |
r-oldrel-macos-arm64 | 2.14 | 44.00 | NOTE | |||
r-oldrel-macos-x86_64 | 2.14 | 69.00 | NOTE | |||
r-oldrel-windows-ix86+x86_64 | 2.14 | 24.00 | 108.00 | 132.00 | NOTE |
Version: 2.14
Check: installed package size
Result: NOTE
installed size is 9.4Mb
sub-directories of 1Mb or more:
rmd 8.3Mb
Flavors: r-devel-linux-x86_64-fedora-clang, r-devel-windows-x86_64, r-release-macos-arm64, r-release-macos-x86_64, r-release-windows-x86_64, r-oldrel-macos-arm64, r-oldrel-macos-x86_64, r-oldrel-windows-ix86+x86_64
Version: 2.14
Check: package dependencies
Result: NOTE
Package suggested but not available for checking: ‘katex’
Flavor: r-release-macos-x86_64